MONTHLY CLIMATOLOGICAL SUMMARY for OCT. 2010
NAME: Eelde CITY: Eelde STATE: Drenthe
ELEV: 3 m LAT: 53° 06' 00'' N LONG: 6° 18' 00'' E
TEMPERATURE (°C), RAIN (mm), WIND SPEED (km/hr)
HEAT COOL AVG
MEAN DEG DEG WIND DOM
DAY TEMP HIGH TIME LOW TIME DAYS DAYS RAIN SPEED HIGH TIME DIR
------------------------------------------------------------------------------------
1 11.9 15.1 16:35 10.7 21:35 6.4 0.0 0.0 4.7 22.5 22:50 ESE
2 13.0 16.3 16:35 10.6 1:20 5.3 0.0 7.4 8.9 29.0 6:45 ESE
3 17.6 22.7 16:50 14.4 0:05 1.7 1.0 0.4 9.5 32.2 8:10 SE
4 17.3 22.5 14:45 13.3 7:30 1.8 0.8 0.0 5.3 20.9 13:20 E
5 15.4 18.8 15:45 12.4 8:00 2.9 0.0 0.0 5.3 25.7 13:25 ESE
6 15.7 18.2 17:15 14.0 00:00 2.6 0.0 1.2 7.1 27.4 10:00 SSE
7 13.4 16.6 16:10 9.4 8:25 4.9 0.0 0.2 2.7 17.7 15:30 NE
8 14.0 16.7 12:55 11.2 00:00 4.3 0.0 0.0 5.1 20.9 13:10 E
9 11.6 16.9 15:25 7.8 6:55 6.7 0.0 0.2 5.5 20.9 15:35 E
10 9.9 14.6 15:15 5.3 7:55 8.4 0.0 0.0 5.0 17.7 16:00 NE
11 8.8 14.5 16:20 4.9 7:20 9.5 0.0 0.0 3.7 19.3 19:10 NE
12 7.4 11.8 16:05 3.8 7:40 10.9 0.0 0.2 0.8 9.7 16:40 ESE
13 9.8 13.9 16:10 5.2 00:00 8.5 0.0 0.0 1.1 11.3 12:05 NE
14 10.3 12.6 15:40 5.2 0:05 8.0 0.0 0.0 3.9 24.1 13:35 WNW
15 9.9 11.3 14:40 8.6 00:00 8.3 0.0 14.8 3.7 24.1 12:15 WSW
16 7.5 9.3 6:20 4.3 22:50 10.8 0.0 1.6 8.0 41.8 16:20 NE
17 5.3 10.2 16:25 0.3 00:00 13.0 0.0 0.0 1.8 17.7 12:05 NE
18 5.5 10.9 15:35 -0.3 4:05 12.8 0.0 0.4 7.6 33.8 16:10 SW
19 8.6 12.0 14:00 6.3 8:15 9.8 0.0 16.2 8.0 33.8 15:10 WSW
20 6.3 9.3 14:30 3.7 23:15 11.9 0.0 8.6 7.7 46.7 11:50 WNW
21 6.7 10.6 14:45 3.4 1:55 11.6 0.0 9.4 12.4 59.5 14:15 WSW
22 9.9 12.7 16:15 8.0 0:05 8.4 0.0 0.0 13.0 38.6 16:35 SW
23 7.3 8.3 00:00 6.2 18:00 11.0 0.0 4.0 13.2 40.2 16:55 SW
24 7.8 10.9 14:15 5.2 00:00 10.5 0.0 2.8 13.7 53.1 3:45 WNW
25 7.2 10.8 15:50 4.5 7:35 11.1 0.0 1.6 7.1 33.8 8:20 W
26 6.3 9.1 14:45 3.3 5:35 11.9 0.0 0.0 6.3 30.6 18:15 SW
27 8.3 10.1 17:20 6.1 2:55 10.0 0.0 4.6 12.7 37.0 4:20 SW
28 10.6 12.4 16:55 8.3 4:40 7.7 0.0 1.6 11.1 33.8 14:10 SW
29 10.1 12.7 22:35 6.9 9:20 8.2 0.0 0.0 9.7 30.6 21:50 S
30 11.6 12.4 14:35 8.7 00:00 6.7 0.0 1.8 6.4 24.1 1:50 SW
31 8.6 10.1 16:00 6.0 7:55 9.7 0.0 1.0 3.1 14.5 0:30 E
-------------------------------------------------------------------------------------
10.1 22.7 3 -0.3 18 255.6 1.8 78.0 6.9 59.5 21 SW
Max >= 32.0: 0
Max <= 0.0: 0
Min <= 0.0: 1
Min <= -18.0: 0
Max Rain: 16.21 ON 19-10-10
Days of Rain: 19 (> .2 mm) 8 (> 2 mm) 0 (> 20 mm)
Heat Base: 18.3 Cool Base: 18.3 Method: Integration
Bovenstaande data zijn de metingen van weerstation Eelde. Onderstaand de data van alle KNMI stations voor de betreffende maand.
De linker afbeeldingen zijn de gemiddeldes van de maand, de middelste afbeeldingen de langjarig gemiddeldes en de rechter
afbeeldingen de afwijking van de maand t.o.v. het langjarig gemiddelde.
|