MONTHLY CLIMATOLOGICAL SUMMARY for DEC. 2011
NAME: Eelde CITY: Eelde STATE: Drenthe
ELEV: 3 m LAT: 53° 06' 00'' N LONG: 6° 18' 00'' E
TEMPERATURE (°C), RAIN (mm), WIND SPEED (km/hr)
HEAT COOL AVG
MEAN DEG DEG WIND DOM
DAY TEMP HIGH TIME LOW TIME DAYS DAYS RAIN SPEED HIGH TIME DIR
------------------------------------------------------------------------------------
1 8.2 11.6 13:45 5.3 2:45 10.2 0.0 10.0 10.3 41.8 12:20 SW
2 5.7 7.9 13:30 4.4 21:35 12.6 0.0 6.8 7.1 30.6 10:35 SW
3 6.6 9.4 14:05 3.7 1:35 11.7 0.0 8.6 15.4 48.3 13:25 SW
4 6.4 8.4 12:55 4.1 21:20 11.9 0.0 6.6 15.0 48.3 6:45 WSW
5 3.7 5.4 11:45 1.0 22:05 14.6 0.0 11.6 12.4 53.1 22:55 WSW
6 3.1 5.4 13:15 1.8 1:40 15.3 0.0 7.4 11.1 37.0 13:30 SW
7 5.2 7.2 18:40 2.1 0:50 13.1 0.0 4.2 18.3 74.0 19:50 SW
8 6.3 9.6 21:35 3.9 6:45 12.0 0.0 2.8 18.0 69.2 21:55 SW
9 5.1 7.0 11:55 2.1 23:20 13.2 0.0 8.4 18.5 57.9 5:50 WSW
10 2.9 6.1 14:35 1.0 4:05 15.3 0.0 1.0 10.1 37.0 13:45 SW
11 3.1 4.3 14:15 1.5 7:40 15.2 0.0 0.0 8.2 30.6 20:25 SW
12 5.3 7.2 13:50 2.7 0:10 13.0 0.0 2.0 10.3 35.4 23:55 SW
13 6.7 9.1 13:55 5.4 0:05 11.6 0.0 9.2 20.3 67.6 6:30 SW
14 4.7 5.8 0:05 3.1 23:00 13.7 0.0 0.8 15.1 45.1 17:55 SW
15 4.7 5.4 21:15 3.7 0:05 13.6 0.0 5.6 14.2 40.2 0:35 SW
16 4.1 5.4 20:05 2.9 11:55 14.3 0.0 6.6 10.1 35.4 13:00 NNE
17 4.2 6.4 11:55 2.4 23:50 14.1 0.0 3.0 9.8 40.2 13:55 W
18 2.7 5.1 14:25 1.0 20:35 15.6 0.0 5.2 8.9 33.8 9:50 WSW
19 2.2 4.4 14:55 0.7 8:50 16.1 0.0 1.0 9.3 40.2 22:35 SW
20 4.1 6.7 15:05 0.3 4:10 14.2 0.0 9.8 12.2 51.5 19:35 WNW
21 4.8 6.8 13:25 3.7 4:05 13.6 0.0 0.4 4.7 27.4 0:20 WSW
22 7.8 9.6 13:30 4.7 0:05 10.5 0.0 3.0 7.2 24.1 10:45 WSW
23 8.6 9.2 15:40 7.6 00:00 9.7 0.0 2.0 12.1 33.8 16:25 SW
24 5.8 8.2 16:00 4.3 18:45 12.5 0.0 7.6 11.6 54.7 2:50 SW
25 8.4 9.7 14:50 5.6 0:05 9.9 0.0 0.0 17.1 46.7 18:00 SW
26 10.3 11.3 14:20 8.9 0:25 8.0 0.0 0.0 15.9 41.8 00:00 SW
27 8.7 10.4 0:05 7.7 23:00 9.6 0.0 0.0 11.9 53.1 1:40 SW
28 6.8 7.9 19:40 5.7 6:50 11.5 0.0 0.0 14.8 46.7 19:30 SW
29 6.0 7.3 4:55 3.4 23:15 12.3 0.0 16.0 18.7 54.7 3:25 WSW
30 4.3 6.5 13:00 1.9 23:40 14.0 0.0 5.2 10.9 49.9 0:25 W
31 4.9 9.3 00:00 2.0 0:05 13.4 0.0 2.6 6.4 22.5 23:55 SW
-------------------------------------------------------------------------------------
5.5 11.6 1 0.3 20 396.3 0.0 147.4 12.5 74.0 7 SW
Max >= 32.0: 0
Max <= 0.0: 0
Min <= 0.0: 0
Min <= -18.0: 0
Max Rain: 16.00 ON 29-12-11
Days of Rain: 26 (> .2 mm) 22 (> 2 mm) 0 (> 20 mm)
Heat Base: 18.3 Cool Base: 18.3 Method: Integration
Bovenstaande data zijn de metingen van weerstation Eelde. Onderstaand de data van alle KNMI stations voor de betreffende maand.
De linker afbeeldingen zijn de gemiddeldes van de maand, de middelste afbeeldingen de langjarig gemiddeldes en de rechter
afbeeldingen de afwijking van de maand t.o.v. het langjarig gemiddelde.
|