MONTHLY CLIMATOLOGICAL SUMMARY for JAN. 2011
NAME: Eelde CITY: Eelde STATE: Drenthe
ELEV: 3 m LAT: 53° 06' 00'' N LONG: 6° 18' 00'' E
TEMPERATURE (°C), RAIN (mm), WIND SPEED (km/hr)
HEAT COOL AVG
MEAN DEG DEG WIND DOM
DAY TEMP HIGH TIME LOW TIME DAYS DAYS RAIN SPEED HIGH TIME DIR
------------------------------------------------------------------------------------
1 2.9 4.4 7:50 0.7 23:50 15.4 0.0 1.4 8.9 33.8 23:00 WNW
2 1.3 3.4 14:40 0.1 00:00 17.0 0.0 1.2 6.4 27.4 16:40 W
3 0.1 2.2 12:45 -1.9 8:45 18.3 0.0 0.4 4.2 12.9 12:55 WSW
4 0.4 1.4 14:25 -0.4 23:05 17.9 0.0 0.0 9.2 32.2 11:25 SW
5 -0.8 0.4 13:55 -1.8 20:40 19.1 0.0 0.0 10.6 37.0 6:30 SSE
6 2.7 3.7 10:20 -0.1 0:05 15.6 0.0 5.8 5.6 25.7 2:15 SW
7 2.1 7.3 23:55 -1.4 8:55 16.3 0.0 0.4 5.3 20.9 14:55 E
8 7.8 10.9 12:50 3.2 00:00 10.5 0.0 2.0 13.0 59.5 14:55 SW
9 3.1 5.2 14:50 1.6 00:00 15.2 0.0 0.0 10.3 40.2 14:50 SW
10 0.9 2.5 12:50 -0.6 9:30 17.4 0.0 0.2 6.1 22.5 13:05 SW
11 1.2 4.6 23:50 -1.2 4:05 17.2 0.0 1.0 8.9 30.6 23:00 SE
12 3.4 6.7 22:50 0.9 4:55 14.9 0.0 2.4 7.4 29.0 0:40 SW
13 7.7 9.6 16:40 5.8 5:50 10.6 0.0 4.4 7.1 35.4 16:50 WSW
14 8.7 9.4 14:30 7.7 22:15 9.6 0.0 9.4 14.5 45.1 9:45 WSW
15 7.8 9.6 21:25 5.3 7:45 10.5 0.0 0.4 16.3 49.9 21:50 SW
16 9.6 11.9 15:20 8.2 2:50 8.7 0.0 0.0 15.1 41.8 9:35 SW
17 8.1 9.9 0:05 5.4 23:45 10.2 0.0 1.6 9.3 35.4 22:20 SW
18 3.8 5.4 0:05 2.2 6:55 14.5 0.0 0.2 3.9 14.5 0:05 W
19 2.9 5.2 15:10 1.7 8:50 15.4 0.0 3.6 5.1 25.7 23:15 WNW
20 1.1 3.5 12:55 -2.5 22:55 17.2 0.0 0.2 4.2 24.1 12:40 NE
21 0.8 4.3 16:10 -3.1 2:15 17.5 0.0 0.2 4.0 22.5 20:45 WSW
22 3.5 5.2 12:00 0.6 21:05 14.8 0.0 1.2 5.8 24.1 8:20 NW
23 4.6 6.0 13:40 0.8 0:05 13.8 0.0 0.4 7.1 27.4 9:05 NW
24 4.8 5.9 12:50 3.9 0:45 13.5 0.0 1.0 8.0 30.6 17:20 WNW
25 4.3 5.6 4:50 2.3 00:00 14.0 0.0 4.6 12.4 66.0 6:05 WNW
26 0.9 2.3 0:05 0.1 9:50 17.4 0.0 0.2 5.1 22.5 14:05 NE
27 -1.6 0.6 0:10 -3.7 00:00 19.8 0.0 0.0 7.4 25.7 11:40 NE
28 -3.0 -0.3 15:35 -5.3 7:55 21.3 0.0 0.0 6.3 24.1 13:25 ENE
29 -3.4 -0.9 13:20 -5.3 8:30 21.7 0.0 0.0 4.5 19.3 15:25 NE
30 -1.3 0.0 14:50 -2.6 0:05 19.6 0.0 0.0 1.1 9.7 18:20 ESE
31 -1.1 0.1 15:45 -2.2 8:20 19.4 0.0 0.0 2.1 19.3 21:55 SW
-------------------------------------------------------------------------------------
2.7 11.9 16 -5.3 28 484.3 0.0 42.2 7.6 66.0 25 SW
Max >= 32.0: 0
Max <= 0.0: 3
Min <= 0.0: 14
Min <= -18.0: 0
Max Rain: 9.40 ON 14-01-11
Days of Rain: 22 (> .2 mm) 7 (> 2 mm) 0 (> 20 mm)
Heat Base: 18.3 Cool Base: 18.3 Method: Integration
Bovenstaande data zijn de metingen van weerstation Eelde. Onderstaand de data van alle KNMI stations
van de treffende
maand. De linker afbeeldingen zijn de gemiddeldes van de maand, de middelste afbeeldingen de langjarig gemiddeldes en de rechter
afbeeldingen de afwijking van de maand t.o.v. het langjarig gemiddelde.
|