MONTHLY CLIMATOLOGICAL SUMMARY for SEP. 2011
NAME: Eelde CITY: Eelde STATE: Drenthe
ELEV: 3 m LAT: 53° 06' 00'' N LONG: 6° 18' 00'' E
TEMPERATURE (°C), RAIN (mm), WIND SPEED (km/hr)
HEAT COOL AVG
MEAN DEG DEG WIND DOM
DAY TEMP HIGH TIME LOW TIME DAYS DAYS RAIN SPEED HIGH TIME DIR
------------------------------------------------------------------------------------
1 12.8 17.2 19:00 9.2 23:55 5.5 0.0 0.0 2.3 14.5 8:20 SW
2 14.8 22.2 16:25 7.4 5:20 4.2 0.7 0.0 2.1 14.5 10:55 ESE
3 20.1 27.8 17:35 13.0 7:15 1.5 3.3 0.0 2.6 20.9 15:00 SE
4 19.5 21.3 16:00 16.6 22:05 0.2 1.4 1.8 4.8 25.7 4:45 SW
5 15.8 18.3 17:30 13.2 7:45 2.5 0.0 0.4 11.3 48.3 16:50 SW
6 14.6 16.7 12:55 12.8 4:10 3.7 0.0 12.8 15.9 53.1 21:30 SW
7 14.0 17.3 15:30 12.6 21:10 4.3 0.0 8.4 13.2 43.5 14:15 SW
8 13.1 15.3 14:25 11.6 5:00 5.3 0.0 11.4 7.4 33.8 14:00 WSW
9 16.6 20.1 16:25 13.2 0:05 2.0 0.2 2.6 5.6 24.1 13:20 SW
10 20.5 25.0 15:15 16.7 0:05 0.5 2.7 1.2 5.6 35.4 23:55 SSE
11 17.7 22.2 0:05 14.7 23:50 1.1 0.5 1.4 8.5 38.6 12:45 SW
12 15.9 19.7 18:50 13.9 3:05 2.4 0.1 1.0 15.6 64.4 20:15 SW
13 15.3 17.3 17:25 11.9 21:05 3.0 0.0 2.6 15.1 46.7 13:20 SW
14 13.3 16.3 14:45 10.7 4:50 5.0 0.0 1.6 11.7 43.5 1:00 SW
15 12.7 16.3 16:15 8.6 23:50 5.6 0.0 0.8 6.8 37.0 13:40 WNW
16 11.8 16.7 16:30 5.9 6:35 6.5 0.0 0.0 3.5 22.5 16:30 E
17 14.6 17.3 14:55 12.6 3:30 3.7 0.0 5.2 7.1 35.4 13:10 SW
18 12.2 14.6 16:15 9.9 00:00 6.1 0.0 10.2 6.4 38.6 14:05 SW
19 11.9 16.6 16:15 7.4 7:25 6.4 0.0 0.2 6.3 32.2 12:55 SW
20 14.1 17.7 17:35 10.5 0:05 4.2 0.0 0.0 9.0 32.2 10:10 SW
21 15.2 17.0 17:55 13.8 7:20 3.1 0.0 0.0 9.7 32.2 13:40 SW
22 13.8 16.6 14:25 10.5 00:00 4.5 0.0 1.0 8.7 37.0 13:25 SW
23 13.3 18.3 16:55 8.8 4:55 5.0 0.0 0.0 4.3 24.1 11:15 SW
24 13.9 20.2 16:10 8.3 7:15 4.7 0.3 0.0 1.9 16.1 13:25 SE
25 14.7 21.4 16:40 7.5 7:15 4.2 0.7 0.0 2.3 20.9 14:10 SW
26 16.7 22.7 14:40 12.8 6:05 2.4 0.8 0.6 5.1 33.8 14:20 SW
27 15.2 19.9 16:25 11.1 5:45 3.3 0.2 0.2 0.8 11.3 12:05 SW
28 16.3 22.8 16:30 10.8 4:30 2.9 1.0 0.0 1.9 14.5 11:45 ESE
29 17.8 24.8 16:25 11.9 7:35 2.2 1.7 0.2 2.4 17.7 15:35 ESE
30 17.9 25.5 16:15 11.8 7:30 2.3 1.9 0.2 2.3 20.9 14:15 SE
-------------------------------------------------------------------------------------
15.2 27.8 3 5.9 16 108.4 15.6 63.8 6.7 64.4 12 SW
Max >= 32.0: 0
Max <= 0.0: 0
Min <= 0.0: 0
Min <= -18.0: 0
Max Rain: 12.80 ON 06-09-11
Days of Rain: 20 (> .2 mm) 7 (> 2 mm) 0 (> 20 mm)
Bovenstaande data zijn de metingen van weerstation Eelde. Onderstaand de data van alle KNMI stations voor de betreffende maand.
De linker afbeeldingen zijn de gemiddeldes van de maand, de middelste afbeeldingen de langjarig gemiddeldes en de rechter
afbeeldingen de afwijking van de maand t.o.v. het langjarig gemiddelde.
|