MONTHLY CLIMATOLOGICAL SUMMARY for AUG. 2012
NAME: Eelde CITY: Eelde STATE: Drenthe
ELEV: 3 m LAT: 53° 08' 16" N LONG: 6° 34' 20" E
TEMPERATURE (°C), RAIN (mm), WIND SPEED (km/hr)
HEAT COOL AVG
MEAN DEG DEG WIND DOM
DAY TEMP HIGH TIME LOW TIME DAYS DAYS RAIN SPEED HIGH TIME DIR
------------------------------------------------------------------------------------
1 19.9 26.1 17:50 13.5 6:45 1.5 3.0 0.0 4.2 24.1 16:05 SSE
2 19.0 21.8 0:05 14.8 23:55 0.5 1.2 20.4 7.1 35.4 16:50 SW
3 16.9 21.1 16:05 12.8 5:20 2.1 0.8 1.8 5.0 37.0 16:05 SW
4 17.7 23.1 16:05 14.4 6:25 1.4 0.9 5.6 4.0 37.0 17:25 SW
5 17.6 24.2 15:25 13.7 3:50 1.8 1.1 14.4 1.8 27.4 17:15 ESE
6 16.2 17.8 9:50 14.6 6:25 2.1 0.0 5.2 6.4 25.7 16:45 SW
7 15.8 18.3 16:05 14.1 00:00 2.5 0.0 5.4 8.9 35.4 16:20 SW
8 15.9 20.0 18:20 11.7 5:05 2.6 0.3 8.6 3.9 20.9 12:00 SW
9 15.3 18.8 14:40 11.4 4:15 3.0 0.0 0.0 4.0 25.7 14:25 NW
10 15.7 19.8 16:05 10.4 6:25 2.9 0.2 0.0 4.2 24.1 15:15 WNW
11 16.7 20.8 17:30 12.6 6:15 2.0 0.4 0.0 1.6 12.9 14:05 NE
12 17.9 23.0 16:10 12.3 6:25 1.8 1.5 0.0 5.1 32.2 13:20 E
13 18.9 24.3 17:00 12.9 6:20 1.5 2.1 0.0 6.1 27.4 12:50 E
14 20.2 26.2 18:25 14.9 6:20 0.8 2.7 0.0 4.5 19.3 12:15 E
15 21.6 26.7 16:45 16.6 7:00 0.2 3.5 0.8 6.4 27.4 13:10 E
16 19.4 23.7 15:50 14.9 7:15 0.7 1.8 7.0 5.8 32.2 2:15 SW
17 20.9 26.5 15:20 14.7 5:55 0.8 3.5 0.0 3.7 22.5 16:45 SE
18 24.4 30.9 18:25 18.1 6:45 0.0 6.1 0.0 4.5 25.7 15:00 SE
19 26.1 34.4 15:40 19.1 6:05 0.0 7.8 0.2 3.1 24.1 17:00 ESE
20 22.0 25.8 13:55 16.6 00:00 0.1 3.8 0.0 6.1 29.0 16:05 SW
21 18.5 24.2 15:55 13.9 6:20 1.3 1.5 1.0 1.6 37.0 17:25 ESE
22 17.9 20.7 15:10 14.7 23:25 0.9 0.5 0.0 8.9 37.0 15:05 SW
23 16.9 21.1 16:35 13.2 4:05 2.1 0.7 0.0 5.8 27.4 15:55 SW
24 17.6 22.2 15:10 13.6 1:30 1.6 0.9 0.0 1.4 12.9 11:20 E
25 16.9 20.4 14:55 15.1 7:00 1.6 0.2 7.6 8.0 38.6 13:20 SW
26 15.9 19.6 14:20 12.2 00:00 2.4 0.0 16.2 7.9 43.5 14:25 SW
27 15.7 20.2 16:20 9.8 5:35 3.0 0.4 0.0 4.2 29.0 15:20 SW
28 17.7 22.1 16:00 13.6 23:50 1.4 0.8 1.4 5.3 24.1 14:50 SW
29 17.6 23.8 17:40 12.0 4:50 2.2 1.5 0.2 3.4 24.1 16:40 SSE
30 16.5 20.9 16:40 13.7 6:30 2.3 0.4 1.2 5.3 25.7 16:55 SW
31 13.2 14.5 0:05 10.2 23:25 5.1 0.0 6.4 6.4 46.7 11:10 NW
-------------------------------------------------------------------------------------
18.2 34.4 19 9.8 27 52.1 47.6 103.4 5.0 46.7 31 SW
Max >= 32.0: 1
Max <= 0.0: 0
Min <= 0.0: 0
Min <= -18.0: 0
Max Rain: 20.40 ON 02-08-12
Days of Rain: 17 (> .2 mm) 10 (> 2 mm) 1 (> 20 mm)
Heat Base: 18.3 Cool Base: 18.3 Method: Integration
Bovenstaande data zijn de metingen van weerstation Eelde. Onderstaand de data van alle KNMI stations voor de betreffende maand.
De linker afbeeldingen zijn de gemiddeldes van de maand, de middelste afbeeldingen de langjarig gemiddeldes en de rechter
afbeeldingen de afwijking van de maand t.o.v. het langjarig gemiddelde.
|