MONTHLY CLIMATOLOGICAL SUMMARY for JAN. 2012
NAME: Eelde CITY: Eelde STATE: Drenthe
ELEV: 3 m LAT: 53° 08' 16" N LONG: 6° 34' 20" E
TEMPERATURE (°C), RAIN (mm), WIND SPEED (km/hr)
HEAT COOL AVG
MEAN DEG DEG WIND DOM
DAY TEMP HIGH TIME LOW TIME DAYS DAYS RAIN SPEED HIGH TIME DIR
------------------------------------------------------------------------------------
1 10.6 12.0 22:05 8.6 23:45 7.7 0.0 24.4 12.7 38.6 21:20 SW
2 6.7 9.2 1:05 4.0 23:50 11.6 0.0 1.4 9.8 37.0 4:25 SW
3 6.0 9.5 15:45 3.9 0:50 12.3 0.0 20.2 22.4 77.2 16:00 SW
4 6.1 7.1 00:00 4.3 8:00 12.2 0.0 6.0 20.1 66.0 22:40 WSW
5 6.7 7.9 9:50 3.8 18:45 11.6 0.0 12.8 27.2 95.0 18:35 WNW
6 6.4 7.9 13:40 4.6 19:55 11.9 0.0 0.4 15.0 53.1 5:45 WNW
7 6.7 8.2 7:50 4.6 0:20 11.6 0.0 6.4 17.2 49.9 9:10 W
8 6.8 7.8 13:00 5.4 20:45 11.5 0.0 0.8 12.6 53.1 8:05 W
9 7.1 8.4 13:50 5.1 1:35 11.2 0.0 0.8 8.4 33.8 17:30 SW
10 5.7 7.8 20:45 2.7 7:30 12.6 0.0 0.0 7.2 25.7 22:10 SW
11 7.9 8.7 13:40 5.8 1:10 10.4 0.0 0.2 10.8 32.2 6:40 WSW
12 7.4 9.7 12:25 4.2 20:30 10.8 0.0 0.4 19.8 74.0 12:20 WSW
13 5.2 6.8 14:10 3.8 00:00 13.1 0.0 0.4 13.7 46.7 2:10 WNW
14 4.0 6.9 14:10 1.2 23:55 14.3 0.0 0.0 5.1 27.4 14:45 WNW
15 2.5 5.9 15:40 -1.5 00:00 15.8 0.0 0.0 0.5 9.7 2:35 W
16 -0.4 3.9 15:10 -3.1 7:55 18.8 0.0 0.0 0.6 8.0 10:20 SW
17 -0.3 4.0 15:35 -2.9 8:10 18.6 0.0 0.0 2.9 12.9 22:00 SW
18 1.7 5.6 23:10 -1.3 5:30 16.6 0.0 1.8 10.1 41.8 17:30 SW
19 5.2 7.1 14:50 3.2 21:30 13.1 0.0 4.4 10.8 61.2 15:35 SW
20 3.7 6.0 13:00 1.6 21:35 14.6 0.0 2.8 11.1 40.2 1:10 W
21 5.9 8.7 13:20 2.2 0:05 12.3 0.0 7.0 17.9 59.5 15:45 W
22 6.2 7.5 14:30 4.3 12:10 12.2 0.0 7.0 19.0 59.5 15:30 W
23 3.9 5.7 12:35 2.3 23:45 14.4 0.0 2.0 8.4 35.4 12:40 WSW
24 2.9 5.9 15:40 -0.1 00:00 15.4 0.0 0.0 3.7 25.7 8:05 WSW
25 0.8 3.0 16:20 -1.2 3:25 17.5 0.0 0.0 9.3 25.7 23:00 ESE
26 1.7 3.3 23:55 0.5 3:10 16.6 0.0 3.0 12.7 37.0 10:30 ESE
27 4.3 7.2 15:45 1.7 23:30 14.0 0.0 0.0 6.1 22.5 2:15 SW
28 1.7 4.9 14:25 -0.4 00:00 16.6 0.0 0.0 3.9 17.7 16:40 E
29 -2.2 -0.3 0:35 -3.2 8:05 20.5 0.0 0.0 6.9 19.3 21:30 NE
30 -3.7 -2.2 15:30 -5.1 6:45 22.0 0.0 0.0 10.3 27.4 12:00 E
31 -5.7 -3.9 15:35 -7.2 8:35 24.0 0.0 0.0 11.1 30.6 16:00 NE
-------------------------------------------------------------------------------------
3.9 12.0 1 -7.2 31 446.0 0.0 102.2 11.2 95.0 5 SW
Max >= 32.0: 0
Max <= 0.0: 3
Min <= 0.0: 10
Min <= -18.0: 0
Max Rain: 24.41 ON 01-01-12
Days of Rain: 19 (> .2 mm) 11 (> 2 mm) 2 (> 20 mm)
Heat Base: 18.3 Cool Base: 18.3 Method: Integration
Bovenstaande data zijn de metingen van weerstation Eelde. Onderstaand de data van alle KNMI stations
van de treffende
maand. De linker afbeeldingen zijn de gemiddeldes van de maand, de middelste afbeeldingen de langjarig gemiddeldes en de rechter
afbeeldingen de afwijking van de maand t.o.v. het langjarig gemiddelde.
|