MONTHLY CLIMATOLOGICAL SUMMARY for JUN. 2013
NAME: Eelde CITY: Eelde STATE: Drenthe
ELEV: 3 m LAT: 53° 08' 16" N LONG: 6° 34' 20" E
TEMPERATURE (°C), RAIN (mm), WIND SPEED (km/hr)
HEAT COOL AVG
MEAN DEG DEG WIND DOM
DAY TEMP HIGH TIME LOW TIME DAYS DAYS RAIN SPEED HIGH TIME DIR
------------------------------------------------------------------------------------
1 9.7 10.8 19:05 7.8 00:00 8.6 0.0 0.0 12.1 35.4 16:35 NW
2 10.7 14.1 16:00 7.0 2:50 7.6 0.0 0.0 10.0 37.0 8:50 NW
3 10.6 13.4 14:20 6.8 4:00 7.7 0.0 0.0 8.7 30.6 14:55 NW
4 14.4 20.1 15:25 9.6 4:50 4.1 0.2 0.0 7.1 27.4 16:50 NNE
5 14.9 20.3 13:25 8.5 5:35 3.7 0.3 0.0 4.3 25.7 15:10 NNE
6 15.5 22.3 14:15 9.8 4:25 3.6 0.8 0.0 5.0 22.5 16:15 NE
7 15.1 21.2 14:30 10.6 00:00 3.7 0.5 0.0 6.0 27.4 18:25 NNE
8 12.4 15.3 14:30 10.5 4:05 5.9 0.0 0.0 7.6 25.7 12:05 NNE
9 11.5 14.2 17:00 9.8 6:10 6.8 0.0 0.0 6.3 22.5 0:15 NNE
10 11.9 14.8 15:50 10.3 6:30 6.4 0.0 0.0 5.3 19.3 4:15 NW
11 13.9 19.6 18:35 9.4 1:20 4.5 0.1 0.0 3.1 24.1 17:50 SW
12 17.8 21.4 12:10 13.7 1:55 1.3 0.8 1.2 7.6 37.0 14:20 SW
13 16.4 18.5 13:40 14.1 20:05 1.8 0.0 5.0 13.4 45.1 14:00 SW
14 15.1 18.2 15:10 12.0 2:25 3.2 0.0 0.4 10.1 43.5 0:05 WSW
15 14.2 18.7 11:40 10.4 3:40 4.1 0.0 3.0 12.7 57.9 12:15 SW
16 14.1 17.9 16:20 10.8 5:10 4.2 0.0 0.2 10.0 38.6 12:20 SW
17 14.9 21.1 14:40 8.3 5:00 3.7 0.4 0.0 4.2 22.5 17:00 NE
18 20.7 29.3 19:00 13.8 2:10 1.5 3.8 0.0 2.4 14.5 0:10 NE
19 21.8 25.2 9:15 16.9 23:45 0.0 3.5 1.2 3.4 27.4 13:35 NE
20 17.9 23.7 14:20 14.7 5:00 1.3 0.9 16.8 4.0 40.2 18:35 NE
21 16.2 17.8 7:05 14.6 15:30 2.1 0.0 14.6 10.0 46.7 16:35 SW
22 16.2 19.7 12:50 14.4 00:00 2.2 0.1 1.6 12.9 43.5 10:15 SW
23 14.6 17.4 16:55 12.7 7:10 3.8 0.0 2.0 11.9 38.6 19:15 SW
24 13.8 16.8 14:05 12.2 23:25 4.5 0.0 3.4 9.8 35.4 12:05 SW
25 12.6 15.3 14:55 9.8 00:00 5.7 0.0 0.0 9.3 37.0 15:20 WNW
26 12.6 16.0 16:00 9.1 6:00 5.8 0.0 0.2 8.2 33.8 15:05 W
27 11.6 13.7 17:40 9.9 6:15 6.7 0.0 2.6 6.6 29.0 17:20 WSW
28 12.2 14.4 13:50 9.9 3:50 6.1 0.0 7.6 9.0 33.8 13:25 SW
29 13.3 15.4 15:25 9.6 00:00 4.9 0.0 3.2 11.4 45.1 11:45 WNW
30 14.4 19.9 16:50 8.2 3:40 4.1 0.2 0.0 6.4 29.0 17:20 SW
-------------------------------------------------------------------------------------
14.4 29.3 18 6.8 3 129.5 11.7 63.0 8.0 57.9 15 SW
Max >= 32.0: 0
Max <= 0.0: 0
Min <= 0.0: 0
Min <= -18.0: 0
Max Rain: 16.79 ON 20-06-13
Days of Rain: 15 (> .2 mm) 9 (> 2 mm) 0 (> 20 mm)
Heat Base: 18.3 Cool Base: 18.3 Method: Integration
Bovenstaande data zijn de metingen van weerstation Eelde. Onderstaand de data van alle KNMI stations voor de betreffende maand.
De linker afbeeldingen zijn de gemiddeldes van de maand, de middelste afbeeldingen de langjarig gemiddeldes en de rechter
afbeeldingen de afwijking van de maand t.o.v. het langjarig gemiddelde.
|