MONTHLY CLIMATOLOGICAL SUMMARY for JUN. 2014
NAME: Eelde CITY: Eelde STATE: Drenthe
ELEV: 3 m LAT: 53° 08' 16" N LONG: 6° 34' 20" E
TEMPERATURE (°C), RAIN (mm), WIND SPEED (km/hr)
HEAT COOL AVG
MEAN DEG DEG WIND DOM
DAY TEMP HIGH TIME LOW TIME DAYS DAYS RAIN SPEED HIGH TIME DIR
------------------------------------------------------------------------------------
1 12.3 16.5 16:15 7.3 5:20 6.0 0.0 0.0 3.5 20.9 8:45 NE
2 13.7 19.7 18:10 6.3 4:25 4.7 0.1 0.0 1.4 14.5 11:30 ENE
3 16.7 22.6 15:40 11.2 6:05 2.6 0.9 0.0 3.1 22.5 18:25 E
4 16.4 22.2 15:00 13.6 6:05 2.5 0.7 2.4 4.7 38.6 16:15 ESE
5 12.6 16.1 16:05 10.2 18:25 5.8 0.0 15.6 9.3 37.0 16:40 SW
6 15.4 21.5 19:00 9.3 5:15 3.4 0.5 0.2 6.9 27.4 12:05 SW
7 19.2 25.9 16:10 11.4 4:35 2.1 3.0 0.0 3.5 17.7 11:15 ENE
8 19.3 22.2 18:15 15.2 23:55 0.4 1.3 1.2 3.9 19.3 4:40 WNW
9 20.0 26.6 17:45 13.4 6:15 1.5 3.1 0.2 3.5 22.5 19:30 E
10 21.6 27.3 14:15 17.4 4:45 0.0 3.3 1.0 5.3 43.5 6:15 SW
11 18.2 21.8 13:35 13.9 00:00 1.1 1.0 0.8 6.1 24.1 12:15 WNW
12 16.9 22.0 17:45 11.2 6:10 2.4 1.0 0.0 3.9 25.7 18:40 WNW
13 16.1 20.4 13:50 12.3 4:10 2.5 0.3 0.0 8.7 37.0 12:50 WNW
14 15.4 17.9 17:25 13.6 5:10 2.9 0.0 0.0 7.9 29.0 15:25 NW
15 15.4 18.3 12:45 13.3 23:35 2.9 0.0 0.0 7.2 27.4 18:30 NW
16 14.3 16.6 14:45 12.4 4:15 4.0 0.0 0.0 9.0 38.6 17:15 NW
17 16.2 19.5 11:55 11.9 00:00 2.2 0.1 0.0 7.9 30.6 18:00 NW
18 14.4 16.6 16:40 11.1 1:25 3.9 0.0 0.4 6.1 27.4 10:55 WNW
19 14.0 16.2 15:30 12.2 23:20 4.3 0.0 2.0 9.8 37.0 17:10 WNW
20 14.2 17.5 14:40 11.4 5:45 4.1 0.0 0.4 10.5 38.6 10:40 WNW
21 14.2 17.2 14:05 11.8 1:25 4.2 0.0 2.2 8.0 33.8 13:35 WNW
22 13.6 16.2 16:20 10.2 3:20 4.8 0.0 1.0 7.7 32.2 10:15 WNW
23 15.0 18.2 17:50 11.6 3:10 3.3 0.0 0.0 5.3 22.5 15:15 NW
24 14.3 17.9 13:15 12.3 23:55 4.0 0.0 1.8 5.3 24.1 14:40 NW
25 14.8 18.9 15:45 10.2 4:40 3.5 0.0 0.2 3.7 22.5 18:40 NNE
26 15.9 20.4 14:55 12.7 6:20 2.6 0.2 0.0 3.4 24.1 15:10 NE
27 16.2 20.2 14:30 12.6 5:25 2.2 0.1 0.4 2.9 17.7 15:00 SW
28 16.2 20.3 12:30 13.1 2:25 2.4 0.3 0.2 5.1 33.8 13:00 SW
29 15.2 17.9 17:30 12.3 23:30 3.2 0.0 1.2 3.2 20.9 19:55 WNW
30 14.6 17.8 16:15 11.2 00:00 3.8 0.0 1.8 5.8 30.6 16:25 WNW
-------------------------------------------------------------------------------------
15.7 27.3 10 6.3 2 93.1 16.0 33.0 5.8 43.5 10 WNW
Max >= 32.0: 0
Max <= 0.0: 0
Min <= 0.0: 0
Min <= -18.0: 0
Max Rain: 15.60 ON 05-06-14
Days of Rain: 18 (> .2 mm) 4 (> 2 mm) 0 (> 20 mm)
Heat Base: 18.3 Cool Base: 18.3 Method: Integration
Bovenstaande data zijn de metingen van weerstation Eelde. Onderstaand de data van alle KNMI stations voor de betreffende maand.
De linker afbeeldingen zijn de gemiddeldes van de maand, de middelste afbeeldingen de langjarig gemiddeldes en de rechter
afbeeldingen de afwijking van de maand t.o.v. het langjarig gemiddelde.
|