MONTHLY CLIMATOLOGICAL SUMMARY for JAN. 2016
NAME: Eelde CITY: Eelde STATE: Drenthe
ELEV: 3 m LAT: 53° 08' 16" N LONG: 6° 34' 20" E
TEMPERATURE (°C), RAIN (mm), WIND SPEED (km/hr)
HEAT COOL AVG
MEAN DEG DEG WIND DOM
DAY TEMP HIGH TIME LOW TIME DAYS DAYS RAIN SPEED HIGH TIME DIR
------------------------------------------------------------------------------------
1 5.1 7.8 14:15 3.4 9:30 13.2 0.0 0.0 4.7 24.1 1:20 SW
2 3.0 4.1 6:10 1.3 23:35 15.3 0.0 2.0 15.6 41.8 6:35 E
3 -0.6 1.3 0:05 -1.7 6:50 18.9 0.0 1.0 15.0 43.5 0:40 E
4 -3.1 -0.6 0:05 -4.4 18:45 21.4 0.0 0.6 11.3 29.0 2:35 E
5 -3.4 -2.7 11:25 -4.2 22:15 21.7 0.0 0.4 9.7 24.1 0:50 E
6 -4.2 -3.2 23:50 -5.2 9:15 22.5 0.0 0.0 8.7 27.4 4:25 E
7 -1.0 4.6 23:25 -3.6 5:50 19.3 0.0 5.6 12.1 41.8 22:00 E
8 5.6 8.2 14:15 2.8 23:15 12.7 0.0 1.6 15.0 59.5 5:30 WSW
9 3.7 6.4 20:10 1.3 5:30 14.6 0.0 0.4 7.2 24.1 10:25 SSE
10 6.4 8.2 13:30 4.5 1:35 11.9 0.0 0.4 9.7 35.4 10:55 SW
11 4.2 5.7 23:45 3.2 6:40 14.1 0.0 1.8 6.1 24.1 7:25 SE
12 5.2 6.5 14:00 4.0 22:25 13.1 0.0 5.2 11.1 33.8 4:00 SW
13 4.3 6.4 13:55 1.9 22:10 14.0 0.0 1.6 7.4 29.0 5:00 SW
14 2.2 4.2 15:50 0.7 4:50 16.1 0.0 4.2 7.7 29.0 11:15 SE
15 1.8 2.6 16:05 0.6 8:35 16.5 0.0 0.4 5.5 22.5 2:30 NNE
16 0.9 2.6 15:35 -0.4 23:15 17.4 0.0 7.8 5.8 41.8 18:40 SW
17 -0.7 1.4 16:20 -3.2 22:45 19.0 0.0 0.4 3.7 29.0 2:15 SW
18 -3.1 -0.4 14:15 -5.5 7:10 21.4 0.0 0.0 3.4 14.5 12:10 SW
19 -2.5 0.9 21:45 -5.6 1:55 20.8 0.0 0.8 5.8 22.5 14:15 SW
20 1.0 2.9 12:40 -1.4 21:25 17.3 0.0 3.4 3.2 22.5 3:45 WSW
21 -2.6 -0.9 20:00 -5.4 6:10 20.9 0.0 0.0 3.4 16.1 19:15 SE
22 -0.9 1.7 23:55 -4.3 8:20 19.2 0.0 3.0 7.6 25.7 17:30 SE
23 5.3 8.4 14:50 1.7 0:05 12.9 0.0 0.4 6.9 20.9 0:30 WSW
24 6.7 9.6 23:50 4.7 7:40 11.6 0.0 0.6 9.7 27.4 19:40 SW
25 10.7 13.2 15:25 9.1 9:35 7.6 0.0 0.0 10.1 38.6 21:45 SW
26 8.7 11.3 0:05 6.3 9:05 9.6 0.0 1.8 17.9 54.7 22:55 SW
27 10.4 11.6 14:55 8.7 00:00 7.9 0.0 4.2 24.9 62.8 15:50 SW
28 6.4 8.7 0:05 4.7 9:10 11.9 0.0 0.2 14.2 38.6 11:35 WSW
29 8.3 10.3 20:10 4.9 0:35 10.0 0.0 0.6 24.6 62.8 11:50 SW
30 6.7 9.6 0:20 3.4 00:00 11.6 0.0 9.0 17.4 61.2 3:15 WSW
31 4.9 6.8 13:50 2.5 0:20 13.4 0.0 1.8 11.9 54.7 1:25 WSW
-------------------------------------------------------------------------------------
2.9 13.2 25 -5.6 19 478.1 0.0 59.2 10.2 62.8 27 SW
Max >= 32.0: 0
Max <= 0.0: 5
Min <= 0.0: 12
Min <= -18.0: 0
Max Rain: 8.99 ON 30-01-16
Days of Rain: 26 (> .2 mm) 9 (> 2 mm) 0 (> 20 mm)
Heat Base: 18.3 Cool Base: 18.3 Method: Integration
Bovenstaande data zijn de metingen van weerstation Eelde. Onderstaand de data van alle KNMI stations
van de treffende
maand. De linker afbeeldingen zijn de gemiddeldes van de maand, de middelste afbeeldingen de langjarig gemiddeldes en de rechter
afbeeldingen de afwijking van de maand t.o.v. het langjarig gemiddelde.
|