MONTHLY CLIMATOLOGICAL SUMMARY for MAR. 2016
NAME: Eelde CITY: Eelde STATE: Drenthe
ELEV: 3 m LAT: 53° 08' 16" N LONG: 6° 34' 20" E
TEMPERATURE (°C), RAIN (mm), WIND SPEED (km/hr)
HEAT COOL AVG
MEAN DEG DEG WIND DOM
DAY TEMP HIGH TIME LOW TIME DAYS DAYS RAIN SPEED HIGH TIME DIR
------------------------------------------------------------------------------------
1 0.2 5.6 23:55 -3.6 2:40 18.1 0.0 4.4 9.0 48.3 16:55 SSE
2 4.8 7.1 4:45 2.6 00:00 13.5 0.0 7.6 9.7 45.1 14:10 SW
3 2.9 5.6 17:00 0.6 23:55 15.4 0.0 0.4 4.7 33.8 15:35 WNW
4 1.5 4.0 12:15 -0.2 3:40 16.8 0.0 3.4 9.3 41.8 12:20 ESE
5 2.7 6.9 14:45 0.0 8:50 15.6 0.0 0.2 1.4 12.9 6:40 SW
6 2.0 6.1 13:50 -1.8 6:50 16.3 0.0 2.0 3.9 24.1 16:20 WSW
7 2.9 7.6 15:10 -0.4 6:40 15.4 0.0 0.4 5.8 24.1 12:25 WSW
8 3.3 7.2 13:10 0.7 3:35 15.0 0.0 2.8 5.8 25.7 15:10 SW
9 4.0 7.7 16:35 0.7 6:55 14.3 0.0 0.0 10.1 35.4 13:55 SE
10 3.2 6.0 14:15 -0.1 6:40 15.2 0.0 0.0 7.2 33.8 11:55 NE
11 2.6 6.1 15:55 1.0 23:50 15.7 0.0 0.0 5.0 17.7 17:45 NE
12 3.9 7.9 16:10 0.4 7:05 14.4 0.0 0.0 4.8 20.9 12:00 E
13 2.2 6.7 15:45 -1.6 5:45 16.1 0.0 0.0 6.1 22.5 10:15 NE
14 3.7 8.6 14:40 -0.9 7:00 14.6 0.0 0.0 4.5 19.3 16:20 NE
15 5.8 9.5 16:20 3.4 00:00 12.5 0.0 0.2 6.1 20.9 11:35 NE
16 4.7 8.9 15:50 0.9 7:05 13.6 0.0 0.0 8.7 33.8 13:30 NE
17 5.0 10.7 15:20 -0.7 7:00 13.3 0.0 0.0 4.0 20.9 21:50 NE
18 5.4 7.1 16:15 3.8 1:55 12.9 0.0 0.2 8.2 24.1 7:35 WNW
19 5.9 7.1 14:40 5.1 7:10 12.4 0.0 0.2 8.4 25.7 4:40 NNW
20 5.8 7.7 16:15 3.3 6:25 12.4 0.0 2.0 8.4 29.0 16:55 WNW
21 6.8 8.2 14:00 5.9 6:25 11.5 0.0 0.0 9.7 32.2 10:45 W
22 6.9 8.8 13:45 5.4 4:25 11.4 0.0 0.2 10.0 33.8 13:55 WNW
23 6.6 8.6 13:40 5.2 00:00 11.8 0.0 1.2 7.4 24.1 11:40 NW
24 6.1 8.9 14:20 2.3 3:55 12.2 0.0 0.2 5.8 29.0 15:25 SW
25 6.8 9.1 15:00 2.9 23:50 11.5 0.0 3.4 8.2 30.6 16:15 SW
26 8.6 14.6 16:50 0.9 2:50 9.8 0.0 0.2 10.6 45.1 15:20 SSE
27 9.5 12.2 17:40 6.7 9:05 8.4 0.0 3.6 11.9 48.3 22:10 SW
28 9.0 11.9 15:00 6.8 4:45 9.3 0.0 1.2 18.3 66.0 15:50 SW
29 7.0 9.2 18:00 5.2 23:20 11.3 0.0 3.4 11.1 37.0 15:40 SW
30 7.1 10.4 14:20 4.8 00:00 11.3 0.0 4.4 11.9 43.5 13:20 WSW
31 6.1 10.2 12:20 2.3 7:50 12.2 0.0 0.0 3.4 24.1 18:05 NNE
-------------------------------------------------------------------------------------
4.9 14.6 26 -3.6 1 413.9 0.0 41.6 7.7 66.0 28 SW
Max >= 32.0: 0
Max <= 0.0: 0
Min <= 0.0: 9
Min <= -18.0: 0
Max Rain: 7.59 ON 02-03-16
Days of Rain: 21 (> .2 mm) 10 (> 2 mm) 0 (> 20 mm)
Heat Base: 18.3 Cool Base: 18.3 Method: Integration
Bovenstaande data zijn de metingen van weerstation Eelde. Onderstaand de data van alle KNMI stations voor de betreffende maand.
De linker afbeeldingen zijn de gemiddeldes van de maand, de middelste afbeeldingen de langjarig gemiddeldes en de rechter
afbeeldingen de afwijking van de maand t.o.v. het langjarig gemiddelde.
|