MONTHLY CLIMATOLOGICAL SUMMARY for SEP. 2016
NAME: Eelde CITY: Eelde STATE: Drenthe
ELEV: 3 m LAT: 53° 08' 16" N LONG: 6° 34' 20" E
TEMPERATURE (°C), RAIN (mm), WIND SPEED (km/hr)
HEAT COOL AVG
MEAN DEG DEG WIND DOM
DAY TEMP HIGH TIME LOW TIME DAYS DAYS RAIN SPEED HIGH TIME DIR
------------------------------------------------------------------------------------
1 16.9 21.2 12:50 12.6 00:00 2.1 0.7 0.0 3.9 24.1 12:00 WNW
2 16.2 20.9 14:05 11.0 3:50 2.8 0.6 2.0 6.4 38.6 20:40 SW
3 17.8 21.4 16:25 14.9 5:55 1.3 0.8 2.0 6.0 27.4 11:25 SW
4 17.0 20.4 12:00 15.2 23:55 1.4 0.1 13.6 9.8 40.2 15:05 SW
5 17.4 21.4 16:00 13.7 6:20 1.6 0.8 0.2 2.4 14.5 1:20 NE
6 18.4 24.1 16:10 13.3 4:45 1.8 1.9 0.2 2.7 22.5 12:25 SW
7 19.8 26.3 16:50 14.0 7:15 1.2 2.7 0.0 1.6 14.5 15:15 ESE
8 20.1 26.0 15:45 13.8 5:35 1.2 2.9 0.0 4.7 27.4 15:05 SW
9 18.6 23.3 15:40 13.9 6:10 1.3 1.6 0.2 3.7 25.7 15:20 SW
10 18.7 24.6 17:25 13.1 7:05 1.6 2.0 0.0 3.1 20.9 14:10 SE
11 18.1 20.8 15:50 15.3 3:45 0.8 0.6 0.0 2.4 12.9 7:05 E
12 21.4 28.5 17:25 15.4 7:20 0.6 3.8 0.0 3.1 17.7 13:55 ESE
13 23.6 30.9 17:25 17.3 6:45 0.1 5.4 0.0 2.1 12.9 15:30 E
14 23.3 30.0 16:05 17.8 7:10 0.0 5.1 0.0 3.2 19.3 11:10 E
15 21.7 27.3 16:15 17.6 7:40 0.0 3.5 0.0 4.7 25.7 14:20 E
16 18.1 20.8 18:15 16.4 7:25 0.7 0.5 2.2 4.7 24.1 10:30 SW
17 17.2 21.3 16:30 13.1 7:30 1.9 0.8 0.0 2.4 19.3 15:45 NE
18 16.3 19.8 14:45 13.3 6:45 2.1 0.1 0.2 3.4 22.5 17:05 NE
19 15.0 18.9 15:40 11.2 00:00 3.4 0.0 0.0 1.6 17.7 14:50 NE
20 13.8 18.2 15:50 8.6 4:15 4.5 0.0 0.0 1.0 12.9 16:15 E
21 15.3 19.9 14:55 10.0 7:50 3.2 0.2 0.0 1.1 12.9 12:05 E
22 15.0 20.2 14:45 8.8 7:50 3.7 0.4 0.0 1.9 17.7 13:50 SSE
23 15.2 20.5 14:10 9.4 00:00 3.3 0.1 0.0 3.9 20.9 15:15 SW
24 14.9 22.1 17:00 8.3 4:35 4.1 0.7 0.0 4.2 29.0 12:10 SE
25 17.1 25.3 17:10 11.4 7:50 2.6 1.4 0.0 6.1 29.0 18:20 SE
26 15.1 19.8 14:45 9.8 7:50 3.4 0.2 0.0 2.6 16.1 14:05 SW
27 14.3 20.8 16:35 7.7 7:55 4.3 0.4 0.0 3.9 25.7 15:00 SW
28 17.8 20.9 14:50 15.3 3:45 1.0 0.5 0.0 13.8 43.5 11:55 SW
29 15.9 17.4 13:15 13.8 20:20 2.4 0.0 7.6 14.2 43.5 14:05 SW
30 13.7 17.2 16:05 10.6 00:00 4.6 0.0 0.6 6.4 32.2 15:40 SW
-------------------------------------------------------------------------------------
17.5 30.9 13 7.7 27 62.9 37.8 28.8 4.4 43.5 28 SW
Max >= 32.0: 0
Max <= 0.0: 0
Min <= 0.0: 0
Min <= -18.0: 0
Max Rain: 13.59 ON 04-09-16
Days of Rain: 10 (> .2 mm) 5 (> 2 mm) 0 (> 20 mm)
Heat Base: 18.3 Cool Base: 18.3 Method: Integration
Bovenstaande data zijn de metingen van weerstation Eelde. Onderstaand de data van alle KNMI stations voor de betreffende maand.
De linker afbeeldingen zijn de gemiddeldes van de maand, de middelste afbeeldingen de langjarig gemiddeldes en de rechter
afbeeldingen de afwijking van de maand t.o.v. het langjarig gemiddelde.
|