MONTHLY CLIMATOLOGICAL SUMMARY for DEC. 2017
NAME: Eelde CITY: Eelde STATE: Drenthe
ELEV: 0 m LAT: 53° 08' 16" N LONG: 6° 34' 20" E
TEMPERATURE (°C), RAIN (mm), WIND SPEED (km/hr)
HEAT COOL AVG
MEAN DEG DEG WIND DOM
DAY TEMP HIGH TIME LOW TIME DAYS DAYS RAIN SPEED HIGH TIME DIR
------------------------------------------------------------------------------------
1 1.1 4.0 13:50 -1.3 23:40 17.2 0.0 0.2 2.6 16.1 14:45 NW
2 -0.9 0.8 23:25 -2.3 8:20 19.2 0.0 1.8 6.6 25.7 23:25 SW
3 4.4 7.8 14:25 0.8 0:05 13.9 0.0 2.6 8.5 27.4 10:10 SW
4 6.9 8.7 13:30 5.3 1:10 11.4 0.0 1.8 8.4 29.0 5:50 W
5 7.7 8.5 11:30 7.0 1:10 10.6 0.0 0.0 11.6 32.2 21:15 WSW
6 8.1 9.5 14:40 7.0 0:05 10.2 0.0 0.0 15.1 40.2 7:15 WSW
7 6.0 7.8 0:05 4.6 13:05 12.3 0.0 8.2 18.2 48.3 8:40 SW
8 2.9 5.7 0:05 0.6 18:30 15.4 0.0 4.4 11.1 41.8 5:35 WSW
9 2.3 5.2 13:50 0.6 23:55 16.0 0.0 9.0 11.1 35.4 10:30 WSW
10 0.3 1.1 11:00 -0.6 21:10 18.0 0.0 2.6 11.6 35.4 3:10 SW
11 -0.2 0.9 00:00 -1.4 6:55 18.5 0.0 8.6 6.4 27.4 21:05 NE
12 1.6 3.0 15:20 0.2 22:00 16.7 0.0 6.8 8.5 33.8 22:45 SW
13 2.7 5.1 23:00 1.0 2:25 15.6 0.0 9.0 13.5 43.5 23:05 SSW
14 3.1 4.9 12:50 0.5 8:50 15.2 0.0 6.2 10.0 33.8 0:20 SW
15 2.6 3.6 14:05 1.7 4:30 15.7 0.0 0.0 6.0 25.7 5:30 SW
16 2.8 5.8 14:05 1.1 3:15 15.5 0.0 4.8 7.1 30.6 7:50 WSW
17 2.5 5.2 13:00 0.1 7:50 15.8 0.0 5.2 6.1 30.6 21:50 WSW
18 1.8 2.9 20:35 0.9 0:10 16.4 0.0 1.8 4.3 29.0 0:55 WSW
19 5.3 6.4 12:20 2.1 0:20 13.0 0.0 0.4 5.1 17.7 11:15 WSW
20 6.6 7.8 19:55 5.2 7:30 11.7 0.0 0.2 5.8 27.4 19:05 WSW
21 6.8 7.9 6:30 3.7 23:40 11.5 0.0 0.6 6.3 17.7 0:15 WSW
22 3.8 5.2 4:20 2.3 22:00 14.5 0.0 0.2 4.3 16.1 19:15 WSW
23 7.4 8.2 14:35 3.4 0:05 10.8 0.0 0.2 17.4 48.3 22:40 WSW
24 8.1 9.1 23:25 7.4 0:05 10.2 0.0 0.2 20.1 48.3 7:45 WSW
25 7.9 9.3 3:05 5.0 00:00 10.3 0.0 0.4 16.7 41.8 4:55 SW
26 5.2 6.7 12:55 4.1 2:30 13.1 0.0 0.2 17.1 57.9 8:00 SW
27 4.6 5.2 10:55 3.2 21:35 13.7 0.0 4.4 10.3 45.1 22:30 S
28 2.9 3.9 2:25 1.7 13:20 15.4 0.0 4.2 11.7 37.0 12:05 WSW
29 2.3 5.6 23:55 0.7 8:35 16.0 0.0 5.2 11.7 41.8 0:35 SW
30 6.7 10.2 14:40 3.0 9:25 11.6 0.0 5.8 15.0 61.2 16:10 WSW
31 9.4 12.3 11:10 7.1 2:35 8.9 0.0 12.6 12.9 61.2 10:50 SW
-------------------------------------------------------------------------------------
4.3 12.3 31 -2.3 2 434.5 0.0 107.6 10.4 61.2 30 WSW
Max >= 32.0: 0
Max <= 0.0: 0
Min <= 0.0: 4
Min <= -18.0: 0
Max Rain: 12.60 ON 31-12-17
Days of Rain: 28 (> .2 mm) 16 (> 2 mm) 0 (> 20 mm)
Heat Base: 18.3 Cool Base: 18.3 Method: Integration
Bovenstaande data zijn de metingen van weerstation Eelde. Onderstaand de data van alle KNMI stations voor de betreffende maand.
De linker afbeeldingen zijn de gemiddeldes van de maand, de middelste afbeeldingen de langjarig gemiddeldes en de rechter
afbeeldingen de afwijking van de maand t.o.v. het langjarig gemiddelde.
|