MONTHLY CLIMATOLOGICAL SUMMARY for FEB. 2017
NAME: Eelde CITY: Eelde STATE: Drenthe
ELEV: 0 m LAT: 53° 08' 16" N LONG: 6° 34' 20" E
TEMPERATURE (°C), RAIN (mm), WIND SPEED (km/hr)
HEAT COOL AVG
MEAN DEG DEG WIND DOM
DAY TEMP HIGH TIME LOW TIME DAYS DAYS RAIN SPEED HIGH TIME DIR
------------------------------------------------------------------------------------
1 2.2 3.6 22:35 1.2 8:40 16.1 0.0 0.4 9.2 30.6 9:40 SE
2 7.1 10.9 15:40 3.3 0:05 11.2 0.0 0.4 7.4 22.5 12:10 SE
3 7.7 10.1 15:30 6.1 4:00 10.6 0.0 0.8 3.2 16.1 22:20 ESE
4 6.0 8.3 14:00 4.4 00:00 12.3 0.0 1.0 4.5 19.3 11:00 ENE
5 4.8 5.9 14:15 4.1 5:10 13.5 0.0 4.6 1.9 12.9 1:25 E
6 3.1 4.4 0:05 1.7 21:20 15.2 0.0 0.0 5.1 24.1 19:05 E
7 0.1 1.7 0:05 -0.9 6:45 18.3 0.0 0.0 13.2 38.6 13:10 E
8 -1.2 -0.2 0:05 -2.0 00:00 19.5 0.0 0.2 11.3 32.2 3:10 ENE
9 -2.8 -1.9 0:05 -3.4 21:45 21.1 0.0 0.0 9.3 25.7 2:45 ENE
10 -2.7 -1.3 19:55 -4.3 3:00 21.0 0.0 0.0 8.7 27.4 0:40 E
11 -0.8 0.2 13:40 -2.1 00:00 19.1 0.0 0.0 9.8 35.4 18:50 ENE
12 -0.4 2.1 15:10 -2.3 0:20 18.7 0.0 0.0 12.6 38.6 13:15 ENE
13 0.7 5.7 15:25 -3.0 6:20 17.6 0.0 0.0 11.1 32.2 13:00 ENE
14 1.3 6.2 15:15 -2.3 7:30 16.9 0.0 0.0 7.7 27.4 2:15 E
15 5.7 13.9 15:40 -0.6 4:30 12.7 0.0 0.0 3.4 14.5 16:05 SE
16 6.3 8.4 0:20 4.7 21:00 12.0 0.0 0.0 10.8 33.8 16:10 SW
17 5.9 7.1 14:15 4.7 22:45 12.4 0.0 1.2 9.2 35.4 10:40 WNW
18 4.5 7.8 16:30 2.4 10:00 13.8 0.0 0.2 4.8 20.9 14:35 SW
19 6.1 8.8 15:25 3.7 2:05 12.3 0.0 1.0 10.1 25.7 4:45 WSW
20 8.5 10.6 17:45 6.3 0:05 9.8 0.0 2.4 15.1 41.8 16:40 WSW
21 7.6 9.1 0:05 6.3 21:20 6.0 0.0 0.2 12.1 40.2 00:00 W
22 8.4 9.6 1:05 6.3 23:00 9.9 0.0 5.0 19.2 54.7 3:00 WSW
23 6.7 10.0 14:40 3.7 00:00 11.6 0.0 13.2 18.8 75.6 14:15 WSW
24 4.1 6.7 12:45 0.9 00:00 14.2 0.0 0.6 11.9 49.9 0:40 WNW
25 4.0 7.6 21:25 0.7 3:25 14.3 0.0 2.4 11.7 41.8 15:55 SW
26 7.9 9.7 21:30 6.4 5:00 10.4 0.0 1.6 15.9 40.2 0:25 SW
27 9.1 10.8 12:10 5.8 23:55 9.3 0.0 6.8 12.4 48.3 18:05 SW
28 4.2 6.0 0:15 2.6 10:25 14.1 0.0 3.0 15.3 51.5 1:00 SW
-------------------------------------------------------------------------------------
4.1 13.9 15 -4.3 10 394.0 0.0 45.0 10.2 75.6 23 SW
Max >= 32.0: 0
Max <= 0.0: 3
Min <= 0.0: 9
Min <= -18.0: 0
Max Rain: 13.21 ON 23-02-17
Days of Rain: 18 (> .2 mm) 7 (> 2 mm) 0 (> 20 mm)
Heat Base: 18.3 Cool Base: 18.3 Method: Integration
Bovenstaande data zijn de metingen van weerstation Eelde. Onderstaand de data van alle KNMI stations voor de betreffende maand.
De linker afbeeldingen zijn de gemiddeldes van de maand, de middelste afbeeldingen de langjarig gemiddeldes en de rechter
afbeeldingen de afwijking van de maand t.o.v. het langjarig gemiddelde.
|