MONTHLY CLIMATOLOGICAL SUMMARY for JAN. 2018
NAME: Eelde CITY: Eelde STATE: Drenthe
ELEV: 0 m LAT: 53° 08' 16" N LONG: 6° 34' 20" E
TEMPERATURE (°C), RAIN (mm), WIND SPEED (km/hr)
HEAT COOL AVG
MEAN DEG DEG WIND DOM
DAY TEMP HIGH TIME LOW TIME DAYS DAYS RAIN SPEED HIGH TIME DIR
------------------------------------------------------------------------------------
1 6.5 8.3 1:20 4.4 22:25 11.8 0.0 3.6 14.3 51.5 3:20 SW
2 5.3 7.5 12:50 3.8 9:25 13.0 0.0 1.8 10.1 46.7 22:10 WSW
3 7.4 9.1 4:25 5.8 11:10 10.9 0.0 21.4 23.7 82.1 12:35 WSW
4 7.3 9.1 20:45 6.1 17:10 11.0 0.0 3.8 14.0 57.9 22:15 WSW
5 6.2 7.3 0:05 4.3 21:50 12.2 0.0 3.6 12.9 56.3 1:55 WSW
6 4.4 6.2 12:30 2.1 23:50 13.8 0.0 0.6 6.4 29.0 1:45 SW
7 0.8 2.4 1:20 -1.7 00:00 17.5 0.0 0.2 10.8 35.4 13:15 ENE
8 -0.3 2.2 14:15 -2.5 7:50 18.6 0.0 0.0 15.4 41.8 9:05 E
9 0.7 3.1 00:00 -0.9 8:05 17.6 0.0 0.0 10.1 40.2 2:30 ESE
10 5.3 7.1 14:45 3.1 0:05 13.0 0.0 1.2 4.2 14.5 0:15 SE
11 4.4 7.5 13:35 3.0 19:00 13.9 0.0 0.2 2.6 11.3 2:30 ESE
12 3.5 4.7 1:25 2.8 6:20 14.8 0.0 1.4 3.5 16.1 19:05 E
13 3.4 5.2 15:10 2.1 23:55 14.9 0.0 0.0 8.7 29.0 20:05 ESE
14 0.8 2.1 0:05 -0.4 23:15 17.4 0.0 0.0 10.0 29.0 0:40 ESE
15 3.8 6.9 23:00 -0.1 0:05 14.5 0.0 9.6 14.8 51.5 17:00 S
16 3.9 6.0 0:05 1.6 23:10 14.3 0.0 6.2 13.7 43.5 14:15 WSW
17 2.4 4.3 21:40 0.7 5:20 15.9 0.0 5.0 11.9 45.1 15:05 WSW
18 3.7 8.0 9:45 1.2 6:30 14.6 0.0 12.4 15.1 72.4 12:05 WSW
19 2.2 5.0 15:20 0.4 3:25 16.1 0.0 0.8 7.6 35.4 19:05 SW
20 1.6 2.9 16:40 0.3 5:50 16.7 0.0 1.8 6.1 25.7 11:15 SW
21 2.3 5.6 14:05 0.3 3:55 15.9 0.0 0.4 4.7 16.1 23:25 WSW
22 4.2 7.1 14:45 1.1 5:20 14.1 0.0 2.8 8.0 27.4 1:35 WSW
23 7.1 10.2 23:55 5.3 8:00 11.3 0.0 4.0 11.3 40.2 17:05 SW
24 11.0 13.9 14:50 7.1 23:45 7.3 0.0 7.4 19.5 59.5 16:45 SW
25 7.4 9.1 14:15 6.1 00:00 10.8 0.0 0.2 10.8 37.0 2:40 SW
26 4.8 6.1 0:05 3.6 10:40 13.5 0.0 0.0 4.7 17.7 13:35 SW
27 4.7 6.2 13:40 1.7 3:45 13.6 0.0 1.4 10.6 45.1 20:15 SW
28 6.8 6.9 0:55 6.2 0:05 0.6 0.0 0.2 23.3 49.9 0:35 SW
29 6.7 8.4 15:40 5.0 23:50 4.1 0.0 4.6 15.1 43.5 15:55 W
30 4.4 6.8 13:55 2.6 23:30 13.9 0.0 0.2 8.7 30.6 13:10 WSW
31 5.3 8.9 8:55 1.8 23:15 13.0 0.0 5.0 14.2 48.3 7:30 SW
-------------------------------------------------------------------------------------
4.5 13.9 24 -2.5 8 410.8 0.0 99.8 11.2 82.1 3 SW
Max >= 32.0: 0
Max <= 0.0: 0
Min <= 0.0: 5
Min <= -18.0: 0
Max Rain: 21.41 ON 03-01-18
Days of Rain: 26 (> .2 mm) 13 (> 2 mm) 1 (> 20 mm)
Heat Base: 18.3 Cool Base: 18.3 Method: Integration
Bovenstaande data zijn de metingen van weerstation Eelde. Onderstaand de data van alle KNMI stations
van de treffende
maand. De linker afbeeldingen zijn de gemiddeldes van de maand, de middelste afbeeldingen de langjarig gemiddeldes en de rechter
afbeeldingen de afwijking van de maand t.o.v. het langjarig gemiddelde.
|