MONTHLY CLIMATOLOGICAL SUMMARY for JUN. 2018
NAME: Eelde CITY: Eelde STATE: Drenthe
ELEV: 0 m LAT: 53° 08' 16" N LONG: 6° 34' 20" E
TEMPERATURE (°C), RAIN (mm), WIND SPEED (km/hr)
HEAT COOL AVG
MEAN DEG DEG WIND DOM
DAY TEMP HIGH TIME LOW TIME DAYS DAYS RAIN SPEED HIGH TIME DIR
------------------------------------------------------------------------------------
1 19.4 24.3 13:55 15.6 6:40 0.7 1.8 4.4 5.8 25.7 19:55 W
2 16.9 19.2 16:35 14.9 6:05 1.5 0.1 1.8 7.7 25.7 14:20 WSW
3 18.2 21.1 15:00 16.3 00:00 0.8 0.7 0.4 4.0 14.5 17:40 WSW
4 15.8 16.7 17:35 15.0 1:35 2.5 0.0 0.2 4.5 16.1 12:30 NNW
5 16.0 20.5 15:40 13.1 23:55 2.5 0.2 0.2 5.6 19.3 7:40 NW
6 19.6 26.3 15:50 11.4 3:10 2.0 3.3 0.0 4.0 20.9 12:20 NE
7 21.9 29.2 16:50 15.9 5:30 0.4 4.0 0.2 4.5 22.5 18:25 E
8 20.0 24.8 12:55 15.8 6:20 0.4 2.1 0.0 4.8 24.1 17:45 NW
9 18.8 22.4 16:30 16.2 8:00 0.7 1.2 0.0 6.6 22.5 16:50 N
10 17.2 19.7 16:35 14.7 23:40 1.2 0.1 0.0 7.2 25.7 9:05 NNW
11 15.8 18.9 17:30 12.9 5:20 2.5 0.0 0.0 5.6 24.1 14:55 NNW
12 14.5 16.4 17:30 13.4 21:30 3.8 0.0 0.0 7.4 29.0 15:45 NW
13 14.3 16.6 15:15 11.9 00:00 4.0 0.0 0.2 8.4 33.8 14:55 WNW
14 15.5 21.1 12:35 10.9 2:30 3.1 0.3 0.0 9.3 40.2 12:25 SW
15 17.1 21.7 17:30 12.0 3:45 2.2 0.9 0.0 2.9 14.5 19:35 SW
16 17.9 22.3 15:00 14.3 5:55 1.4 1.1 0.0 5.6 27.4 16:55 SW
17 15.7 19.4 17:25 12.5 4:00 2.6 0.0 0.0 9.2 38.6 11:05 SW
18 15.6 18.8 16:15 12.7 3:35 2.7 0.0 0.2 9.2 30.6 11:40 SW
19 18.1 21.6 16:30 15.4 0:45 1.0 0.8 0.4 7.9 25.7 16:35 SW
20 19.9 24.1 14:55 15.3 4:55 0.7 2.2 0.0 10.1 35.4 15:05 SW
21 14.0 17.7 0:05 10.4 22:30 4.3 0.0 4.0 14.3 57.9 13:45 WNW
22 12.5 15.0 13:10 9.9 5:45 5.8 0.0 9.8 14.2 41.8 9:50 WNW
23 13.9 16.6 17:35 10.9 0:05 4.4 0.0 0.2 11.7 40.2 10:10 WNW
24 13.1 14.8 18:25 11.7 3:05 5.3 0.0 2.2 7.9 27.4 14:25 WNW
25 14.7 17.1 16:25 12.7 5:40 3.6 0.0 0.2 9.2 27.4 10:40 NW
26 15.0 17.8 14:35 12.8 3:15 3.3 0.0 0.0 6.4 24.1 12:30 NNW
27 16.2 22.1 16:55 12.5 5:05 2.8 0.7 0.0 5.0 25.7 15:35 NE
28 19.4 25.6 15:30 13.7 5:10 1.4 2.5 0.0 5.6 25.7 15:15 NE
29 17.2 22.3 11:50 13.1 5:55 1.8 0.7 0.0 5.8 24.1 17:00 NNE
30 19.3 25.1 17:50 13.3 4:05 1.5 2.5 0.0 8.5 38.6 13:00 ENE
-------------------------------------------------------------------------------------
16.8 29.2 7 9.9 22 71.1 25.5 24.4 7.3 57.9 21 NW
Max >= 32.0: 0
Max <= 0.0: 0
Min <= 0.0: 0
Min <= -18.0: 0
Max Rain: 9.80 ON 22-06-18
Days of Rain: 14 (> .2 mm) 4 (> 2 mm) 0 (> 20 mm)
Heat Base: 18.3 Cool Base: 18.3 Method: Integration
Bovenstaande data zijn de metingen van weerstation Eelde. Onderstaand de data van alle KNMI stations voor de betreffende maand.
De linker afbeeldingen zijn de gemiddeldes van de maand, de middelste afbeeldingen de langjarig gemiddeldes en de rechter
afbeeldingen de afwijking van de maand t.o.v. het langjarig gemiddelde.
|