MONTHLY CLIMATOLOGICAL SUMMARY for MAR. 2018
NAME: Eelde CITY: Eelde STATE: Drenthe
ELEV: 0 m LAT: 53° 08' 16" N LONG: 6° 34' 20" E
TEMPERATURE (°C), RAIN (mm), WIND SPEED (km/hr)
HEAT COOL AVG
MEAN DEG DEG WIND DOM
DAY TEMP HIGH TIME LOW TIME DAYS DAYS RAIN SPEED HIGH TIME DIR
------------------------------------------------------------------------------------
1 -6.0 -2.7 15:10 -9.1 1:25 24.3 0.0 0.0 21.6 61.2 12:00 E
2 -5.6 -1.3 15:10 -8.8 7:35 23.8 0.0 0.0 18.0 56.3 10:40 E
3 -4.5 0.2 15:00 -8.8 7:20 22.8 0.0 0.0 14.8 45.1 12:10 E
4 0.6 5.8 15:35 -3.8 6:05 17.7 0.0 1.2 10.8 32.2 20:25 E
5 6.7 11.7 15:35 2.7 0:05 11.6 0.0 1.4 9.0 33.8 1:55 SW
6 6.1 12.6 15:55 1.5 7:05 12.3 0.0 0.0 5.0 17.7 9:25 ESE
7 4.7 9.6 14:40 -1.4 7:25 13.6 0.0 0.0 2.3 14.5 19:15 WNW
8 4.6 7.2 16:25 2.2 7:20 13.8 0.0 8.4 12.2 54.7 22:20 SW
9 5.3 8.6 14:45 2.3 3:45 13.0 0.0 0.0 8.5 56.3 0:25 WSW
10 9.3 15.0 16:05 4.3 3:55 9.0 0.0 4.8 6.9 27.4 13:35 ESE
11 10.6 13.2 15:50 7.1 22:15 7.7 0.0 0.2 6.6 29.0 12:00 SW
12 9.7 16.1 15:40 6.8 7:40 8.6 0.0 0.6 3.7 25.7 17:15 SE
13 5.5 8.7 0:40 3.4 10:00 12.8 0.0 3.6 8.0 27.4 14:35 WNW
14 4.7 7.8 15:20 2.4 23:55 13.6 0.0 0.0 6.4 27.4 22:25 ESE
15 4.7 9.3 15:15 1.2 3:00 13.6 0.0 0.0 17.5 53.1 13:20 E
16 2.1 4.2 0:05 -0.9 00:00 16.2 0.0 0.0 17.2 51.5 21:00 E
17 -1.5 1.0 15:00 -3.4 6:50 19.8 0.0 0.0 21.9 67.6 10:30 ENE
18 -1.7 1.8 16:20 -4.5 7:00 20.0 0.0 0.0 18.7 61.2 9:00 ENE
19 -0.9 3.8 15:30 -4.3 6:40 19.2 0.0 0.0 10.5 40.2 10:45 ENE
20 3.2 6.4 15:15 -0.3 23:40 15.1 0.0 0.8 10.0 40.2 12:10 NNE
21 2.7 7.7 16:45 -1.9 7:05 15.6 0.0 0.2 7.7 29.0 15:35 WSW
22 4.9 6.7 10:35 3.1 0:25 13.4 0.0 4.6 10.9 33.8 10:45 WNW
23 5.6 7.1 15:00 4.3 2:25 12.7 0.0 0.2 7.6 32.2 14:10 SW
24 6.4 9.3 14:45 4.6 5:40 11.9 0.0 0.2 4.0 16.1 18:00 NE
25 6.1 7.9 15:45 2.9 00:00 11.6 0.0 0.0 3.4 16.1 16:20 NW
26 4.7 10.8 15:55 -0.1 3:15 13.6 0.0 0.2 4.3 17.7 15:30 WNW
27 5.8 10.4 14:50 2.0 8:05 12.5 0.0 1.2 6.6 30.6 17:10 S
28 5.5 7.6 14:50 2.8 22:35 12.8 0.0 14.0 5.3 32.2 23:50 ESE
29 5.5 9.6 17:10 2.8 0:05 12.8 0.0 0.6 9.8 33.8 15:10 WSW
30 6.2 12.1 17:30 2.7 2:30 12.1 0.0 4.0 10.5 37.0 21:30 E
31 7.3 11.6 14:35 4.7 00:00 11.0 0.0 2.0 7.2 33.8 0:20 ESE
-------------------------------------------------------------------------------------
3.8 16.1 12 -9.1 1 448.3 0.0 48.2 9.9 67.6 17 E
Max >= 32.0: 0
Max <= 0.0: 2
Min <= 0.0: 12
Min <= -18.0: 0
Max Rain: 14.00 ON 28-03-18
Days of Rain: 18 (> .2 mm) 7 (> 2 mm) 0 (> 20 mm)
Heat Base: 18.3 Cool Base: 18.3 Method: Integration
Bovenstaande data zijn de metingen van weerstation Eelde. Onderstaand de data van alle KNMI stations voor de betreffende maand.
De linker afbeeldingen zijn de gemiddeldes van de maand, de middelste afbeeldingen de langjarig gemiddeldes en de rechter
afbeeldingen de afwijking van de maand t.o.v. het langjarig gemiddelde.
|