MONTHLY CLIMATOLOGICAL SUMMARY for NOV. 2018
NAME: Eelde CITY: Eelde STATE: Drenthe
ELEV: 0 m LAT: 53° 08' 16" N LONG: 6° 34' 20" E
TEMPERATURE (°C), RAIN (mm), WIND SPEED (km/hr)
HEAT COOL AVG
MEAN DEG DEG WIND DOM
DAY TEMP HIGH TIME LOW TIME DAYS DAYS RAIN SPEED HIGH TIME DIR
------------------------------------------------------------------------------------
1 9.6 13.4 11:45 7.1 6:20 8.7 0.0 3.6 5.8 20.9 23:00 ESE
2 8.5 11.3 14:40 3.9 23:05 9.8 0.0 1.6 7.9 29.0 5:10 WSW
3 5.1 10.2 13:50 1.7 6:55 13.2 0.0 0.0 3.9 19.3 12:25 S
4 5.8 11.5 14:50 0.6 8:05 12.5 0.0 0.2 4.0 20.9 11:50 ESE
5 8.9 10.4 16:20 6.6 0:20 9.3 0.0 0.0 4.8 22.5 14:55 E
6 11.1 17.4 13:50 6.3 7:45 7.2 0.0 0.0 4.5 22.5 19:40 ESE
7 11.9 15.6 14:15 8.9 3:10 6.4 0.0 0.0 7.1 30.6 12:50 SSE
8 9.8 13.4 14:30 4.7 23:45 8.5 0.0 0.0 6.1 29.0 10:55 S
9 8.2 11.6 14:00 4.8 0:05 10.1 0.0 1.4 5.5 22.5 6:30 E
10 11.6 13.1 13:55 8.9 0:05 6.7 0.0 1.8 9.2 35.4 9:35 S
11 11.4 13.1 13:10 8.8 23:25 6.8 0.0 2.2 9.2 40.2 13:05 S
12 9.6 11.0 13:55 8.4 00:00 8.7 0.0 4.0 3.9 12.9 0:35 S
13 9.4 11.9 14:20 7.9 4:00 8.8 0.0 1.6 10.6 40.2 11:50 SW
14 8.8 12.2 13:25 6.2 23:55 9.5 0.0 0.0 5.6 22.5 13:10 S
15 5.7 10.7 13:55 1.9 00:00 12.6 0.0 0.2 4.5 17.7 19:50 ESE
16 2.3 5.3 19:05 0.0 8:55 16.0 0.0 0.2 4.8 20.9 21:15 ESE
17 3.5 7.1 14:45 1.2 7:50 14.8 0.0 0.2 8.9 27.4 13:00 E
18 3.0 6.3 15:05 -1.0 7:40 15.3 0.0 0.0 7.2 32.2 22:55 ENE
19 5.4 7.0 14:25 3.4 00:00 12.9 0.0 0.0 13.0 48.3 11:15 ENE
20 3.1 4.2 8:00 1.3 18:55 15.2 0.0 1.0 15.3 51.5 9:55 E
21 2.3 3.6 14:25 1.1 4:00 16.0 0.0 0.0 10.8 35.4 1:00 E
22 1.9 2.4 23:30 1.2 7:20 16.4 0.0 0.0 7.4 25.7 11:05 E
23 2.9 5.8 14:45 0.9 8:10 15.4 0.0 0.0 5.8 24.1 22:15 E
24 1.4 2.3 14:10 0.1 9:50 16.9 0.0 0.0 6.8 29.0 4:30 ENE
25 3.7 5.1 15:30 1.8 2:20 14.6 0.0 0.0 6.9 27.4 22:10 ENE
26 3.9 4.8 0:05 3.1 17:40 14.4 0.0 0.0 8.9 38.6 10:55 ENE
27 1.8 3.9 0:05 -1.1 00:00 16.5 0.0 0.0 6.8 27.4 23:15 ESE
28 2.3 7.0 00:00 -1.6 5:15 15.9 0.0 0.4 12.1 38.6 22:20 ESE
29 9.0 10.4 17:10 6.9 1:00 9.3 0.0 11.0 13.2 40.2 19:00 S
30 9.3 10.9 13:30 6.3 00:00 9.0 0.0 0.0 10.0 33.8 13:05 SW
-------------------------------------------------------------------------------------
6.4 17.4 6 -1.6 28 357.7 0.0 29.4 7.7 51.5 20 E
Max >= 32.0: 0
Max <= 0.0: 0
Min <= 0.0: 4
Min <= -18.0: 0
Max Rain: 11.00 ON 29-11-18
Days of Rain: 14 (> .2 mm) 4 (> 2 mm) 0 (> 20 mm)
Heat Base: 18.3 Cool Base: 18.3 Method: Integration
Bovenstaande data zijn de metingen van weerstation Eelde. Onderstaand de data van alle KNMI stations voor de betreffende maand.
De linker afbeeldingen zijn de gemiddeldes van de maand, de middelste afbeeldingen de langjarig gemiddeldes en de rechter
afbeeldingen de afwijking van de maand t.o.v. het langjarig gemiddelde.
|