MONTHLY CLIMATOLOGICAL SUMMARY for APR. 2019
NAME: Eelde CITY: Eelde STATE: Drenthe
ELEV: 0 m LAT: 53° 08' 00" N LONG: 6° 33' 38" E
TEMPERATURE (°C), RAIN (mm), WIND SPEED (km/hr)
HEAT COOL AVG
MEAN DEG DEG WIND DOM
DAY TEMP HIGH TIME LOW TIME DAYS DAYS RAIN SPEED HIGH TIME DIR
------------------------------------------------------------------------------------
1 6.4 11.9 16:55 0.9 7:20 11.9 0.0 0.0 8.0 32.2 15:00 ESE
2 9.0 17.3 14:50 2.7 6:25 9.3 0.0 2.0 7.6 53.1 20:55 ESE
3 7.9 9.8 16:55 5.6 7:40 10.3 0.0 0.4 5.5 24.1 3:40 S
4 6.3 7.5 0:05 4.4 7:40 12.0 0.0 2.2 2.3 12.9 2:30 SE
5 6.8 8.3 16:20 5.4 8:20 11.5 0.0 5.4 3.2 17.7 11:35 N
6 10.6 15.9 18:15 6.9 5:55 7.7 0.0 0.0 5.3 27.4 14:05 E
7 14.1 20.4 16:05 9.0 2:40 4.6 0.4 0.0 6.3 29.0 14:35 ENE
8 11.8 17.8 13:55 7.5 6:30 6.5 0.0 0.0 6.6 27.4 16:55 NE
9 7.9 11.8 16:50 4.8 6:55 10.4 0.0 0.0 13.2 43.5 9:10 ENE
10 4.7 8.2 15:00 0.6 6:30 13.6 0.0 0.0 10.5 33.8 10:40 NE
11 5.3 9.2 16:00 1.3 4:40 13.0 0.0 0.0 7.2 29.0 11:30 NE
12 4.7 6.9 17:05 2.4 23:15 13.6 0.0 0.2 7.6 33.8 17:50 ENE
13 2.6 5.4 12:30 0.2 6:55 15.8 0.0 1.2 6.0 35.4 16:15 NE
14 5.2 9.3 15:40 1.0 6:55 13.2 0.0 0.0 8.4 30.6 16:10 ENE
15 9.7 14.9 17:25 5.8 8:10 8.6 0.0 0.0 10.1 37.0 14:45 ENE
16 9.8 16.0 17:40 3.6 7:05 8.5 0.0 0.0 11.6 38.6 12:35 E
17 13.4 19.6 15:25 6.9 7:00 5.1 0.1 0.0 9.8 35.4 13:50 E
18 14.9 21.1 16:50 8.2 6:15 4.1 0.7 0.0 10.1 38.6 14:30 E
19 15.7 23.2 16:20 8.5 6:35 3.8 1.1 0.0 8.2 27.4 17:15 ENE
20 15.7 21.9 15:40 10.1 6:50 3.4 0.8 0.0 6.6 27.4 16:35 ENE
21 13.8 21.1 16:10 6.1 5:40 5.0 0.6 0.0 5.3 22.5 16:35 NE
22 16.6 23.4 15:20 9.3 6:25 3.2 1.5 0.0 10.9 40.2 18:55 E
23 16.2 21.2 16:15 10.6 5:50 2.8 0.7 0.0 14.8 56.3 15:35 E
24 18.7 26.0 17:40 12.4 23:55 2.1 2.5 8.2 9.8 61.2 22:10 E
25 14.1 20.4 17:20 8.7 6:30 4.4 0.2 4.0 9.7 38.6 18:10 SE
26 12.2 15.4 17:10 9.5 00:00 6.1 0.0 3.8 5.0 24.1 18:05 SW
27 9.5 11.8 16:20 7.6 22:30 8.8 0.0 4.0 7.6 35.4 17:10 S
28 8.2 11.7 16:35 4.3 6:45 10.1 0.0 0.4 3.9 19.3 0:10 S
29 8.0 11.1 11:00 2.6 6:30 10.3 0.0 0.0 5.5 25.7 22:00 NNW
30 9.3 11.8 16:10 7.8 7:45 9.0 0.0 0.0 6.8 20.9 0:45 NW
-------------------------------------------------------------------------------------
10.3 26.0 24 0.2 13 248.7 8.5 31.8 7.8 61.2 24 ENE
Max >= 32.0: 0
Max <= 0.0: 0
Min <= 0.0: 0
Min <= -18.0: 0
Max Rain: 8.20 ON 24-04-19
Days of Rain: 11 (> .2 mm) 7 (> 2 mm) 0 (> 20 mm)
Heat Base: 18.3 Cool Base: 18.3 Method: Integration
Bovenstaande data zijn de metingen van weerstation Eelde. Onderstaand de data van alle KNMI stations voor de betreffende maand.
De linker afbeeldingen zijn de gemiddeldes van de maand, de middelste afbeeldingen de langjarig gemiddeldes en de rechter
afbeeldingen de afwijking van de maand t.o.v. het langjarig gemiddelde.
|