MONTHLY CLIMATOLOGICAL SUMMARY for AUG. 2019
NAME: Eelde CITY: Eelde STATE: Drenthe
ELEV: 0 m LAT: 53° 08' 00" N LONG: 6° 33' 38" E
TEMPERATURE (°C), RAIN (mm), WIND SPEED (km/hr)
HEAT COOL AVG
MEAN DEG DEG WIND DOM
DAY TEMP HIGH TIME LOW TIME DAYS DAYS RAIN SPEED HIGH TIME DIR
------------------------------------------------------------------------------------
1 17.6 23.4 15:40 13.0 5:50 1.7 0.9 6.0 8.9 33.8 15:05 SSW
2 18.7 24.9 16:50 15.1 1:25 1.0 1.4 2.8 4.8 27.4 19:35 S
3 17.9 21.1 16:50 14.4 1:40 1.0 0.7 0.2 4.3 22.5 14:15 N
4 18.2 25.2 16:55 11.5 5:30 1.9 1.8 0.0 3.5 17.7 12:40 E
5 19.9 26.2 14:10 16.1 5:25 0.6 2.2 0.0 7.7 37.0 16:05 W
6 19.1 24.3 16:25 14.3 6:05 1.1 1.8 0.0 9.2 32.2 16:25 WSW
7 18.6 24.1 15:20 14.4 6:15 1.2 1.4 2.4 10.5 45.1 15:00 WSW
8 18.9 23.7 14:55 13.2 00:00 1.2 1.8 0.0 11.9 41.8 14:05 W
9 16.4 20.6 19:55 10.7 3:20 2.5 0.6 5.2 5.6 27.4 12:00 E
10 20.2 23.4 15:25 17.7 6:20 0.0 1.9 0.2 25.4 64.4 19:55 SW
11 18.4 22.2 16:35 14.8 5:45 0.9 1.1 0.0 17.4 45.1 11:10 SW
12 16.9 22.3 13:00 13.2 6:25 2.0 0.6 2.8 11.4 33.8 13:10 SW
13 14.1 19.3 15:50 10.9 00:00 4.3 0.0 10.2 5.8 38.6 12:40 WSW
14 15.1 21.3 14:05 8.6 6:20 3.7 0.5 1.0 8.9 29.0 12:40 SW
15 16.9 20.8 17:05 14.1 2:10 1.7 0.3 11.0 12.2 37.0 14:55 WSW
16 17.6 21.4 15:35 13.8 3:30 1.5 0.8 0.4 10.5 32.2 15:45 WSW
17 17.9 22.7 16:40 15.7 00:00 1.1 0.7 3.8 15.4 40.2 14:25 SSW
18 16.7 19.8 18:35 14.7 23:40 1.8 0.2 0.4 10.8 30.6 15:45 SSW
19 16.7 21.6 16:15 13.0 7:05 2.3 0.7 0.2 16.1 46.7 16:05 SW
20 16.3 21.4 16:15 11.5 00:00 2.7 0.7 0.0 9.2 32.2 12:35 WSW
21 15.5 22.1 18:40 9.1 6:45 3.8 1.0 0.0 5.0 25.7 14:30 SW
22 17.1 25.3 16:50 9.1 6:15 3.4 2.2 0.0 6.9 33.8 13:55 SW
23 18.1 26.4 17:15 10.1 4:30 2.8 2.5 0.0 4.8 17.7 19:15 SW
24 21.6 30.1 16:35 14.2 7:05 1.0 4.3 0.0 5.8 30.6 14:55 E
25 22.9 31.8 16:35 13.7 7:00 0.7 5.4 0.0 4.5 22.5 15:30 ENE
26 22.4 31.5 16:05 12.5 6:40 1.3 5.4 0.0 4.2 22.5 16:10 NE
27 25.5 33.4 16:35 17.9 5:20 0.0 7.2 0.0 5.1 22.5 12:45 ENE
28 24.0 31.6 13:05 17.6 7:00 0.0 5.7 0.0 5.0 29.0 13:00 WSW
29 20.3 25.1 15:40 14.3 00:00 0.3 2.3 1.0 7.7 30.6 12:05 SW
30 17.7 24.9 15:55 11.7 3:50 2.5 2.0 0.2 6.9 32.2 13:00 SW
31 20.2 29.2 15:35 11.2 7:20 2.2 4.0 9.2 6.0 35.4 13:55 SW
-------------------------------------------------------------------------------------
18.6 33.4 27 8.6 14 52.4 62.4 57.0 8.8 64.4 10 SW
Max >= 32.0: 1
Max <= 0.0: 0
Min <= 0.0: 0
Min <= -18.0: 0
Max Rain: 11.00 ON 15-08-19
Days of Rain: 17 (> .2 mm) 9 (> 2 mm) 0 (> 20 mm)
Heat Base: 18.3 Cool Base: 18.3 Method: Integration
Bovenstaande data zijn de metingen van weerstation Eelde. Onderstaand de data van alle KNMI stations voor de betreffende maand.
De linker afbeeldingen zijn de gemiddeldes van de maand, de middelste afbeeldingen de langjarig gemiddeldes en de rechter
afbeeldingen de afwijking van de maand t.o.v. het langjarig gemiddelde.
|