MONTHLY CLIMATOLOGICAL SUMMARY for FEB. 2019
NAME: Eelde CITY: Eelde STATE: Drenthe
ELEV: 0 m LAT: 53° 08' 00" N LONG: 6° 33' 38" E
TEMPERATURE (°C), RAIN (mm), WIND SPEED (km/hr)
HEAT COOL AVG
MEAN DEG DEG WIND DOM
DAY TEMP HIGH TIME LOW TIME DAYS DAYS RAIN SPEED HIGH TIME DIR
------------------------------------------------------------------------------------
1 -0.3 0.5 21:40 -1.3 9:10 18.6 0.0 0.8 7.9 30.6 11:30 E
2 1.0 2.1 17:35 -0.6 7:05 17.3 0.0 0.0 4.7 17.7 5:05 NE
3 2.2 6.2 14:20 -0.3 23:35 16.1 0.0 0.0 6.1 30.6 13:10 WNW
4 1.4 3.2 14:20 -0.2 0:05 16.9 0.0 2.4 13.2 43.5 12:20 SSW
5 4.3 6.0 15:05 3.0 0:05 14.0 0.0 0.0 9.8 32.2 0:15 SW
6 4.7 6.0 00:00 3.2 9:35 13.6 0.0 5.0 9.8 35.4 4:35 SW
7 7.1 9.3 15:20 5.9 17:35 11.2 0.0 5.4 18.8 66.0 15:55 SW
8 7.3 9.4 19:20 4.9 3:25 11.0 0.0 4.4 16.1 51.5 19:15 SW
9 8.1 8.8 1:05 7.3 8:45 10.2 0.0 0.4 23.8 72.4 11:50 SW
10 5.9 8.1 0:10 3.8 17:30 12.4 0.0 14.8 9.5 38.6 15:05 WNW
11 5.6 7.3 13:45 3.0 23:55 11.5 0.0 0.2 12.7 43.5 11:55 NW
12 5.2 8.7 14:30 1.4 5:40 13.1 0.0 0.0 9.3 30.6 14:35 WSW
13 6.8 8.4 15:10 4.7 00:00 11.5 0.0 0.0 11.1 32.2 15:00 SW
14 6.0 12.0 15:45 2.3 8:10 12.3 0.0 0.0 5.3 19.3 14:20 SW
15 7.6 15.0 15:40 2.2 4:40 10.7 0.0 0.0 3.9 17.7 15:20 SSE
16 8.5 13.2 14:15 3.8 8:05 9.8 0.0 0.0 6.9 24.1 13:10 SW
17 8.6 15.0 15:45 3.0 7:45 9.8 0.0 0.2 5.1 24.1 15:00 SSE
18 8.9 14.2 15:25 4.3 7:15 9.4 0.0 0.2 5.1 27.4 15:15 SW
19 6.7 7.9 15:25 5.0 7:50 11.6 0.0 1.8 11.7 33.8 10:25 WSW
20 7.8 10.3 15:30 5.1 1:15 10.5 0.0 0.0 10.8 32.2 16:40 SW
21 7.7 9.1 11:55 5.2 5:20 10.7 0.0 1.0 9.0 32.2 12:40 SW
22 8.4 10.8 13:15 6.3 00:00 9.9 0.0 0.4 4.7 24.1 15:35 E
23 5.6 10.9 16:20 1.6 5:40 12.7 0.0 0.0 6.6 24.1 9:20 ESE
24 6.3 14.8 16:00 -0.1 7:40 12.0 0.0 0.0 2.7 16.1 10:30 ESE
25 7.6 16.9 15:20 0.2 6:50 10.7 0.0 0.0 1.6 11.3 12:55 SE
26 8.2 18.2 15:50 0.2 6:30 10.1 0.0 0.0 1.1 9.7 14:55 WSW
27 9.0 18.4 15:20 1.1 7:20 9.3 0.0 0.0 3.9 17.7 14:50 WSW
28 6.1 10.9 17:05 1.6 8:00 12.2 0.0 0.0 5.0 29.0 18:05 WSW
-------------------------------------------------------------------------------------
6.1 18.4 27 -1.3 1 339.0 0.0 37.0 8.4 72.4 9 SW
Max >= 32.0: 0
Max <= 0.0: 0
Min <= 0.0: 5
Min <= -18.0: 0
Max Rain: 14.81 ON 10-02-19
Days of Rain: 13 (> .2 mm) 5 (> 2 mm) 0 (> 20 mm)
Heat Base: 18.3 Cool Base: 18.3 Method: Integration
Cool Base: 18.3 Method: Integration
Bovenstaande data zijn de metingen van weerstation Eelde. Onderstaand de data van alle KNMI stations voor de betreffende maand.
De linker afbeeldingen zijn de gemiddeldes van de maand, de middelste afbeeldingen de langjarig gemiddeldes en de rechter
afbeeldingen de afwijking van de maand t.o.v. het langjarig gemiddelde.
|