MONTHLY CLIMATOLOGICAL SUMMARY for AUG. 2020
NAME: Eelde CITY: Eelde STATE: Drenthe
ELEV: 0 m LAT: 53° 08' 00" N LONG: 6° 33' 38" E
TEMPERATURE (°C), RAIN (mm), WIND SPEED (km/hr)
HEAT COOL AVG
MEAN DEG DEG WIND DOM
DAY TEMP HIGH TIME LOW TIME DAYS DAYS RAIN SPEED HIGH TIME DIR
------------------------------------------------------------------------------------
1 21.0 26.7 13:50 14.7 00:00 0.2 2.9 0.0 6.6 29.0 12:40 SW
2 17.2 22.2 14:30 12.2 23:55 2.1 1.0 1.2 6.4 33.8 14:45 NW
3 14.7 20.6 12:00 9.6 5:30 3.7 0.2 4.2 2.3 27.4 13:05 NW
4 15.9 21.9 15:55 9.5 5:20 3.0 0.6 0.0 4.0 20.9 10:45 WNW
5 20.3 27.5 18:15 14.2 6:25 1.1 3.1 0.0 10.9 37.0 12:50 SSW
6 22.4 31.3 17:25 14.8 6:00 0.7 4.8 0.0 4.5 17.7 18:45 SE
7 24.9 34.2 16:25 15.2 6:35 0.4 6.9 0.0 4.0 22.5 12:55 ENE
8 25.2 34.9 14:55 15.4 6:00 0.4 7.4 0.0 2.3 16.1 17:55 ENE
9 24.1 30.6 16:25 19.9 2:55 0.0 5.8 0.0 6.8 29.0 16:35 NE
10 25.2 32.5 16:15 18.1 5:10 0.0 6.9 0.0 6.1 27.4 20:40 ENE
11 26.4 33.2 16:25 19.4 5:35 0.0 8.1 0.0 8.9 38.6 12:45 ENE
12 27.3 33.7 16:40 21.4 7:00 0.0 9.0 0.0 7.6 27.4 15:05 ENE
13 26.1 32.4 16:30 20.5 5:25 0.0 7.8 0.0 7.2 29.0 14:25 ENE
14 22.7 27.9 15:25 19.6 8:10 0.0 4.4 1.8 3.2 17.7 16:55 ENE
15 21.8 27.6 17:55 17.3 6:55 0.0 3.6 0.8 1.9 16.1 13:35 NNE
16 23.3 30.1 16:45 17.1 6:00 0.1 5.0 1.0 3.7 25.7 16:25 ENE
17 19.8 22.8 12:40 16.1 00:00 0.2 1.8 3.8 2.7 22.5 21:45 S
18 18.2 24.7 15:40 13.3 6:50 1.7 1.6 1.4 5.1 32.2 13:20 SW
19 19.9 27.6 17:40 12.6 5:35 1.7 3.4 0.0 5.3 24.1 13:15 SSE
20 22.8 28.3 18:20 19.5 9:10 0.0 4.6 2.0 9.0 27.4 13:30 SSW
21 24.7 29.3 15:40 17.6 00:00 0.0 5.9 0.0 11.9 53.1 9:30 SSW
22 18.7 22.1 17:35 15.7 00:00 0.6 1.0 1.6 16.1 49.9 15:15 SSW
23 16.8 20.2 18:05 13.7 23:55 1.7 0.2 8.4 11.9 37.0 13:25 SSW
24 15.9 18.9 12:45 12.3 23:55 2.5 0.0 8.6 8.0 35.4 18:35 SW
25 15.3 18.2 12:20 9.9 4:10 2.7 0.0 3.0 9.7 40.2 16:10 SSE
26 16.8 20.5 16:30 15.1 00:00 1.6 0.1 16.4 22.0 61.2 11:50 SW
27 15.6 19.3 16:15 11.1 7:00 2.8 0.1 0.8 4.5 29.0 0:40 SW
28 15.4 20.4 14:00 12.1 23:45 3.0 0.2 6.8 11.1 46.7 11:25 SSW
29 14.7 19.3 17:20 11.0 6:40 3.7 0.1 1.2 14.2 45.1 12:50 SSW
30 15.7 20.6 14:55 13.6 4:55 2.7 0.1 0.6 7.9 27.4 1:45 NNE
31 15.9 20.0 15:20 12.7 00:00 2.6 0.3 0.0 4.7 22.5 15:10 NW
-------------------------------------------------------------------------------------
20.2 34.9 8 9.5 4 39.3 96.9 63.6 7.4 61.2 26 ENE
Max >= 32.0: 6
Max <= 0.0: 0
Min <= 0.0: 0
Min <= -18.0: 0
Max Rain: 16.41 ON 26-08-20
Days of Rain: 17 (> .2 mm) 8 (> 2 mm) 0 (> 20 mm)
Heat Base: 18.3 Cool Base: 18.3 Method: Integration
Bovenstaande data zijn de metingen van weerstation Eelde. Onderstaand de data van alle KNMI stations voor de betreffende maand.
De linker afbeeldingen zijn de gemiddeldes van de maand, de middelste afbeeldingen de langjarig gemiddeldes en de rechter
afbeeldingen de afwijking van de maand t.o.v. het langjarig gemiddelde.
|