MONTHLY CLIMATOLOGICAL SUMMARY for DEC. 2020
NAME: Eelde CITY: Eelde STATE: Drenthe
ELEV: 0 m LAT: 53° 08' 00" N LONG: 6° 33' 38" E
TEMPERATURE (°C), RAIN (mm), WIND SPEED (km/hr)
HEAT COOL AVG
MEAN DEG DEG WIND DOM
DAY TEMP HIGH TIME LOW TIME DAYS DAYS RAIN SPEED HIGH TIME DIR
------------------------------------------------------------------------------------
1 7.3 9.0 12:00 5.5 00:00 11.0 0.0 3.2 8.0 37.0 8:40 NNE
2 4.8 5.6 0:05 4.5 18:15 13.5 0.0 0.0 5.8 22.5 23:35 ENE
3 4.9 5.7 12:30 3.7 23:50 13.4 0.0 2.6 14.6 35.4 15:05 SSE
4 5.4 8.3 14:35 3.5 0:40 12.9 0.0 1.0 12.4 37.0 1:05 SE
5 3.1 6.3 13:45 0.6 21:30 15.2 0.0 1.0 5.3 33.8 14:35 E
6 2.9 5.7 21:45 -0.1 6:30 15.4 0.0 5.4 4.2 17.7 18:30 NNW
7 4.9 6.3 13:25 3.2 00:00 9.3 0.0 7.0 10.6 32.2 14:55 SSW
8 3.6 4.5 14:20 2.4 8:10 14.7 0.0 0.0 2.9 14.5 11:55 ENE
9 2.3 3.4 0:05 0.8 19:40 16.0 0.0 0.0 6.0 27.4 19:20 SSE
10 1.3 1.8 14:25 0.8 22:25 16.9 0.0 0.0 7.2 24.1 21:30 SSE
11 2.2 4.2 20:20 0.2 2:20 16.1 0.0 0.0 9.2 30.6 13:50 ESE
12 4.1 5.7 23:15 2.8 3:25 13.3 0.0 1.4 4.8 24.1 4:10 E
13 5.2 7.4 14:50 2.9 9:05 12.5 0.0 0.0 8.5 33.8 00:00 SSE
14 8.1 10.2 14:30 5.7 2:20 10.2 0.0 4.4 17.2 38.6 11:15 SSE
15 8.6 9.3 15:15 7.3 22:15 9.7 0.0 1.6 10.9 29.0 0:20 S
16 7.3 8.8 23:40 6.3 19:10 10.9 0.0 0.2 9.2 27.4 9:50 SSE
17 8.6 9.8 13:50 6.3 23:50 9.7 0.0 4.2 15.1 37.0 13:35 SSW
18 7.1 8.9 14:40 5.6 4:40 11.2 0.0 0.2 17.5 38.6 10:15 S
19 8.6 11.4 16:10 6.0 4:25 9.7 0.0 0.2 17.7 46.7 12:50 SSE
20 8.4 9.8 13:15 7.1 22:00 9.9 0.0 0.0 14.3 33.8 15:20 S
21 6.6 9.7 00:00 4.2 7:05 11.7 0.0 4.4 14.5 35.4 19:30 SSE
22 8.5 11.8 6:30 4.5 00:00 8.4 0.0 10.2 13.4 53.1 4:55 SW
23 6.6 7.7 14:30 4.5 0:05 11.8 0.0 12.4 7.1 25.7 23:25 ENE
24 4.5 6.2 14:35 3.1 00:00 13.8 0.0 5.0 6.9 30.6 0:50 NNE
25 2.9 6.3 14:05 0.4 5:10 15.4 0.0 1.6 4.8 27.4 2:15 NW
26 4.1 5.8 22:35 1.6 1:25 14.2 0.0 1.4 20.4 59.5 20:40 SSW
27 4.8 5.6 1:45 3.9 23:50 13.5 0.0 17.4 31.5 82.1 8:00 S
28 3.4 5.3 13:40 1.6 18:15 14.9 0.0 0.2 5.1 17.7 0:05 SSE
29 2.7 3.8 18:40 1.7 11:20 15.6 0.0 4.6 7.4 25.7 21:50 SW
30 3.8 6.0 14:10 2.8 3:20 14.5 0.0 1.6 14.3 30.6 1:30 SSW
31 2.4 4.1 14:10 -0.2 00:00 15.9 0.0 0.0 9.2 25.7 0:30 SSW
-------------------------------------------------------------------------------------
5.1 11.8 22 -0.2 31 401.2 0.0 91.2 10.9 82.1 27 SSE
Max >= 32.0: 0
Max <= 0.0: 0
Min <= 0.0: 2
Min <= -18.0: 0
Max Rain: 17.40 ON 27-12-20
Days of Rain: 23 (> .2 mm) 12 (> 2 mm) 0 (> 20 mm)
Heat Base: 18.3 Cool Base: 18.3 Method: Integration
Bovenstaande data zijn de metingen van weerstation Eelde. Onderstaand de data van alle KNMI stations voor de betreffende maand.
De linker afbeeldingen zijn de gemiddeldes van de maand, de middelste afbeeldingen de langjarig gemiddeldes en de rechter
afbeeldingen de afwijking van de maand t.o.v. het langjarig gemiddelde.
|