MONTHLY CLIMATOLOGICAL SUMMARY for JAN. 2020
NAME: Eelde CITY: Eelde STATE: Drenthe
ELEV: 0 m LAT: 53° 08' 00" N LONG: 6° 33' 38" E
TEMPERATURE (°C), RAIN (mm), WIND SPEED (km/hr)
HEAT COOL AVG
MEAN DEG DEG WIND DOM
DAY TEMP HIGH TIME LOW TIME DAYS DAYS RAIN SPEED HIGH TIME DIR
------------------------------------------------------------------------------------
1 0.3 1.2 9:00 -0.6 17:50 18.0 0.0 0.2 9.3 25.7 19:35 SSW
2 1.7 5.4 00:00 -0.7 0:30 16.7 0.0 0.0 15.8 37.0 23:00 SSW
3 6.7 8.9 14:20 2.9 23:10 11.6 0.0 6.8 15.9 46.7 1:10 SW
4 5.2 8.3 13:00 1.7 00:00 13.2 0.0 0.8 10.6 41.8 14:05 WSW
5 5.0 7.0 14:05 0.8 2:10 13.3 0.0 0.2 10.9 29.0 20:50 SW
6 5.3 6.4 11:30 3.2 21:10 13.0 0.0 0.0 14.6 35.4 14:45 SW
7 6.2 8.4 14:15 3.4 8:50 12.1 0.0 0.2 16.9 41.8 19:10 SW
8 9.6 11.4 12:10 7.8 0:20 8.7 0.0 1.6 14.8 51.5 0:45 WSW
9 10.6 12.3 13:40 7.5 1:40 7.7 0.0 2.8 17.5 54.7 13:10 SW
10 6.9 11.8 0:05 1.6 23:55 11.4 0.0 2.8 13.2 51.5 2:30 WSW
11 4.4 7.2 21:35 1.4 0:25 13.8 0.0 0.4 18.8 46.7 21:45 SSW
12 6.8 9.1 17:20 4.7 00:00 11.5 0.0 4.6 23.8 56.3 18:25 SW
13 6.2 8.7 23:55 3.2 3:15 12.1 0.0 0.2 16.4 57.9 22:05 S
14 9.8 12.7 23:20 8.2 8:40 8.5 0.0 11.2 28.2 70.8 21:25 SSW
15 9.7 12.5 0:05 5.4 21:40 8.6 0.0 5.0 26.4 64.4 0:20 SSW
16 6.4 8.9 14:30 4.2 9:10 11.9 0.0 0.2 13.8 33.8 1:20 S
17 8.0 9.2 11:55 5.2 23:45 10.3 0.0 0.8 17.5 51.5 22:15 S
18 4.2 6.7 13:50 2.3 21:10 12.8 0.0 4.2 12.6 40.2 0:05 SW
19 3.4 8.2 14:20 1.3 4:30 12.5 0.0 1.6 4.3 30.6 14:55 NW
20 3.6 7.3 15:20 0.5 2:10 14.7 0.0 0.0 6.9 22.5 15:30 SW
21 3.5 6.4 14:05 1.2 9:20 14.8 0.0 0.2 11.6 25.7 10:35 SW
22 4.9 7.9 13:25 0.3 23:25 13.4 0.0 0.4 5.5 19.3 10:55 WSW
23 1.9 4.5 14:40 -0.1 3:30 16.3 0.0 0.2 4.0 16.1 15:40 SSE
24 2.5 3.5 17:10 1.7 5:10 15.8 0.0 0.2 10.9 25.7 13:00 SW
25 2.6 3.1 12:25 1.7 23:35 15.7 0.0 0.6 12.6 29.0 18:30 SSW
26 3.5 6.9 14:45 0.4 3:55 14.8 0.0 0.0 11.4 29.0 7:00 S
27 7.7 9.3 13:10 6.6 0:05 10.6 0.0 3.0 15.9 37.0 3:10 SSW
28 4.7 6.9 0:05 1.7 13:20 13.6 0.0 13.8 18.0 56.3 16:45 WSW
29 4.7 7.1 14:30 3.6 18:40 13.6 0.0 7.0 17.9 51.5 7:45 WSW
30 8.1 10.2 00:00 5.3 0:05 10.2 0.0 1.0 26.4 61.2 22:35 SW
31 9.7 11.8 23:25 7.6 6:50 8.6 0.0 2.0 25.1 59.5 13:00 SW
-------------------------------------------------------------------------------------
5.6 12.7 14 -0.7 2 389.9 0.0 72.0 15.1 70.8 14 SW
Max >= 32.0: 0
Max <= 0.0: 0
Min <= 0.0: 3
Min <= -18.0: 0
Max Rain: 13.79 ON 28-01-20
Days of Rain: 27 (> .2 mm) 11 (> 2 mm) 0 (> 20 mm)
Heat Base: 18.3 Cool Base: 18.3 Method: Integration
Bovenstaande data zijn de metingen van weerstation Eelde. Onderstaand de data van alle KNMI stations
van de treffende
maand. De linker afbeeldingen zijn de gemiddeldes van de maand, de middelste afbeeldingen de langjarig gemiddeldes en de rechter
afbeeldingen de afwijking van de maand t.o.v. het langjarig gemiddelde.
|