MONTHLY CLIMATOLOGICAL SUMMARY for JUL. 2020
NAME: Eelde CITY: Eelde STATE: Drenthe
ELEV: 0 m LAT: 53° 08' 00" N LONG: 6° 33' 38" E
TEMPERATURE (°C), RAIN (mm), WIND SPEED (km/hr)
HEAT COOL AVG
MEAN DEG DEG WIND DOM
DAY TEMP HIGH TIME LOW TIME DAYS DAYS RAIN SPEED HIGH TIME DIR
------------------------------------------------------------------------------------
1 17.2 22.7 13:55 13.3 1:45 2.0 0.8 0.2 11.6 46.7 15:30 SW
2 16.8 21.7 16:40 13.3 00:00 1.8 0.3 4.6 7.1 33.8 14:00 SSW
3 16.3 21.1 16:45 10.8 3:50 2.5 0.4 0.0 13.5 56.3 17:10 SW
4 16.1 17.3 18:35 13.9 6:50 2.2 0.0 7.6 21.1 45.1 14:00 SSW
5 17.5 21.3 16:15 14.1 00:00 1.2 0.4 3.4 20.3 59.5 16:45 SW
6 14.6 17.8 12:40 10.9 00:00 3.7 0.0 1.2 13.8 45.1 12:45 SW
7 13.4 18.4 15:35 7.7 5:55 4.9 0.0 2.0 8.4 43.5 11:50 SW
8 13.7 18.1 17:00 11.2 4:30 4.4 0.0 0.4 2.9 16.1 21:25 S
9 13.2 14.3 18:45 12.1 5:25 5.1 0.0 19.6 7.9 33.8 13:05 ENE
10 13.7 18.0 16:50 10.3 00:00 4.6 0.0 10.8 7.6 30.6 11:55 NW
11 14.0 19.8 17:40 8.8 2:50 4.4 0.1 5.2 5.1 25.7 11:40 SW
12 14.7 21.3 16:35 7.1 5:30 4.2 0.5 0.0 3.2 20.9 14:15 NW
13 16.3 23.8 16:55 7.2 5:20 3.6 1.6 0.0 2.9 20.9 12:25 SW
14 15.2 17.6 10:50 11.2 00:00 3.1 0.0 5.6 2.4 20.9 12:25 SW
15 14.0 19.7 14:55 9.2 6:10 4.3 0.1 0.2 1.6 16.1 10:35 NW
16 15.8 20.7 16:15 10.2 1:50 2.9 0.3 0.0 1.4 11.3 16:10 SSE
17 18.3 22.3 16:40 14.4 4:05 1.1 1.2 0.0 1.6 12.9 13:00 NNW
18 19.9 26.7 15:50 13.2 5:45 1.2 2.8 0.0 4.2 20.9 10:10 S
19 19.4 25.1 15:20 15.2 00:00 0.7 1.8 1.4 6.0 29.0 19:55 SW
20 16.3 20.9 14:05 10.9 6:05 2.6 0.6 0.2 5.1 25.7 10:40 NW
21 14.9 20.4 16:15 9.4 5:05 3.6 0.3 0.0 5.8 25.7 12:00 NW
22 15.1 20.6 17:45 8.9 4:45 3.5 0.3 0.0 3.4 22.5 14:50 NW
23 17.6 23.5 16:40 12.8 3:25 2.1 1.4 0.0 9.0 33.8 14:20 SW
24 18.6 23.9 15:05 14.9 00:00 1.0 1.3 0.0 7.7 29.0 15:05 SW
25 17.3 20.9 12:05 12.2 5:00 1.7 0.7 10.0 8.7 33.8 10:35 SSW
26 18.5 22.9 16:10 14.6 00:00 0.9 1.1 12.2 11.6 37.0 15:50 SW
27 16.9 20.7 13:25 13.0 5:10 1.9 0.5 0.8 9.3 32.2 13:45 SSE
28 16.9 20.2 15:25 13.2 23:50 1.6 0.2 2.8 13.0 43.5 14:30 SW
29 15.4 18.8 16:25 10.6 00:00 2.9 0.0 0.0 10.5 40.2 11:10 SW
30 16.4 24.3 18:55 7.3 5:25 3.6 1.7 0.0 4.0 20.9 11:15 SSW
31 21.4 29.0 17:45 12.2 5:50 1.5 4.6 0.0 4.7 24.1 15:50 ENE
-------------------------------------------------------------------------------------
16.3 29.0 31 7.1 12 84.7 23.1 88.2 7.6 59.5 5 SW
Max >= 32.0: 0
Max <= 0.0: 0
Min <= 0.0: 0
Min <= -18.0: 0
Max Rain: 19.61 ON 09-07-20
Days of Rain: 18 (> .2 mm) 11 (> 2 mm) 0 (> 20 mm)
Heat Base: 18.3 Cool Base: 18.3 Method: Integration
Bovenstaande data zijn de metingen van weerstation Eelde. Onderstaand de data van alle KNMI stations voor de betreffende maand.
De linker afbeeldingen zijn de gemiddeldes van de maand, de middelste afbeeldingen de langjarig gemiddeldes en de rechter
afbeeldingen de afwijking van de maand t.o.v. het langjarig gemiddelde.
|