MONTHLY CLIMATOLOGICAL SUMMARY for JUN. 2020
NAME: Eelde CITY: Eelde STATE: Drenthe
ELEV: 0 m LAT: 53° 08' 00" N LONG: 6° 33' 38" E
TEMPERATURE (°C), RAIN (mm), WIND SPEED (km/hr)
HEAT COOL AVG
MEAN DEG DEG WIND DOM
DAY TEMP HIGH TIME LOW TIME DAYS DAYS RAIN SPEED HIGH TIME DIR
------------------------------------------------------------------------------------
1 18.3 24.7 17:40 10.3 6:00 1.9 1.9 0.0 9.5 38.6 11:55 ENE
2 20.7 28.0 17:55 13.2 5:55 1.3 3.6 0.0 5.1 24.1 18:50 ENE
3 18.9 25.4 16:05 14.4 23:55 1.1 1.7 0.0 6.4 38.6 19:45 NE
4 12.9 14.7 16:05 9.7 23:55 4.6 0.0 4.8 8.0 30.6 10:35 NW
5 9.6 13.4 10:25 6.9 23:45 8.8 0.0 7.6 10.9 46.7 15:45 SW
6 10.9 15.6 15:30 6.3 3:05 7.4 0.0 2.0 17.4 48.3 12:00 SSW
7 12.6 18.2 16:50 10.1 4:20 5.7 0.0 1.6 15.1 41.8 10:25 SSW
8 13.8 19.7 15:35 9.6 2:25 4.6 0.1 0.0 4.5 25.7 17:25 NNE
9 12.3 16.3 16:30 6.9 5:20 6.0 0.0 0.0 3.2 19.3 16:05 NNE
10 12.2 17.8 11:40 5.3 5:35 5.8 0.0 0.0 4.7 24.1 11:55 NE
11 14.8 16.0 17:35 12.6 1:15 3.1 0.0 6.6 5.3 22.5 7:15 ENE
12 19.3 25.3 16:55 15.1 6:25 1.2 2.2 0.2 9.3 33.8 14:40 ENE
13 20.9 27.6 15:55 17.7 3:10 0.1 2.5 0.4 5.5 32.2 17:15 ENE
14 19.6 25.0 12:00 16.8 2:10 0.3 1.4 15.4 2.7 16.1 15:45 ENE
15 17.8 21.7 17:20 15.9 7:00 1.0 0.6 12.6 2.9 12.9 0:15 W
16 18.9 23.2 16:00 15.1 00:00 0.7 1.4 0.0 2.9 14.5 16:10 NW
17 18.8 24.6 17:10 14.4 2:35 1.3 1.8 0.0 4.2 22.5 15:20 NE
18 17.6 19.9 17:00 16.1 4:35 0.9 0.2 4.8 3.5 19.3 12:40 ENE
19 18.2 24.3 15:20 13.8 00:00 1.5 1.4 2.8 2.7 20.9 13:10 NW
20 17.1 23.1 16:35 11.5 4:40 2.4 1.2 0.0 6.0 25.7 8:40 NW
21 17.9 26.0 15:00 10.2 4:50 2.5 2.2 0.4 6.9 32.2 13:20 S
22 18.2 23.9 14:20 12.1 4:30 1.9 1.8 0.2 5.0 27.4 14:15 SW
23 18.6 27.6 16:50 9.3 5:20 2.4 2.7 0.0 4.2 22.5 17:20 NE
24 21.8 27.9 17:35 13.8 5:05 0.9 4.4 0.0 6.4 27.4 18:50 ENE
25 23.3 29.4 17:25 15.7 3:35 0.4 5.4 0.0 7.2 27.4 12:20 ENE
26 24.7 31.2 18:15 17.7 5:50 0.0 6.4 0.0 6.8 29.0 12:15 E
27 21.4 26.2 16:30 17.9 4:55 0.0 3.1 4.0 6.6 38.6 10:55 SSW
28 18.1 21.9 15:20 14.2 23:45 0.9 0.7 0.4 17.1 51.5 14:40 SW
29 15.5 19.4 13:50 12.1 5:25 2.9 0.0 0.0 18.5 51.5 15:45 SSW
30 14.2 16.7 15:50 13.2 2:35 4.2 0.0 10.0 14.0 38.6 15:55 SSW
-------------------------------------------------------------------------------------
17.3 31.2 26 5.3 10 75.7 46.7 73.8 7.4 51.5 28 ENE
Max >= 32.0: 0
Max <= 0.0: 0
Min <= 0.0: 0
Min <= -18.0: 0
Max Rain: 15.39 ON 14-06-20
Days of Rain: 16 (> .2 mm) 10 (> 2 mm) 0 (> 20 mm)
Heat Base: 18.3 Cool Base: 18.3 Method: Integration
Bovenstaande data zijn de metingen van weerstation Eelde. Onderstaand de data van alle KNMI stations voor de betreffende maand.
De linker afbeeldingen zijn de gemiddeldes van de maand, de middelste afbeeldingen de langjarig gemiddeldes en de rechter
afbeeldingen de afwijking van de maand t.o.v. het langjarig gemiddelde.
|