MONTHLY CLIMATOLOGICAL SUMMARY for MAR. 2020
NAME: Eelde CITY: Eelde STATE: Drenthe
ELEV: 0 m LAT: 53° 08' 00" N LONG: 6° 33' 38" E
TEMPERATURE (°C), RAIN (mm), WIND SPEED (km/hr)
HEAT COOL AVG
MEAN DEG DEG WIND DOM
DAY TEMP HIGH TIME LOW TIME DAYS DAYS RAIN SPEED HIGH TIME DIR
------------------------------------------------------------------------------------
1 6.3 8.9 13:15 4.0 21:30 10.8 0.0 0.2 29.5 67.6 13:40 SSW
2 5.9 7.4 15:30 2.7 7:30 8.6 0.0 7.2 8.2 33.8 11:45 SSE
3 4.6 9.2 14:00 1.1 6:30 13.8 0.0 1.8 9.7 40.2 13:00 SW
4 4.3 9.7 13:05 -0.2 00:00 14.0 0.0 0.2 7.6 30.6 13:05 SSW
5 4.8 9.3 13:40 -0.4 0:55 13.5 0.0 0.2 9.3 38.6 20:45 ENE
6 5.3 6.6 0:05 4.3 21:20 13.0 0.0 2.2 10.9 37.0 12:35 NNE
7 6.7 10.4 14:10 1.8 8:00 11.6 0.0 0.0 12.6 38.6 16:00 SW
8 8.3 9.6 17:40 6.7 6:10 10.0 0.0 3.2 20.9 51.5 3:20 SSW
9 7.3 11.2 13:05 5.9 6:55 11.0 0.0 2.6 15.0 37.0 15:35 SW
10 9.4 11.6 18:50 5.6 3:50 8.9 0.0 18.0 25.9 54.7 3:50 SW
11 10.1 13.1 14:55 6.7 4:25 8.3 0.0 0.8 18.2 51.5 21:50 SW
12 7.8 10.9 1:45 4.7 17:55 9.8 0.0 1.8 30.6 80.5 4:55 SW
13 -0.1 0.8 21:50 -0.9 23:55 1.7 0.0 0.0 0.2 3.2 21:50 NW
14 5.2 11.7 15:15 -2.0 3:25 13.1 0.0 0.2 9.0 35.4 14:40 SSE
15 9.5 12.8 12:45 7.6 4:55 8.8 0.0 0.0 20.8 49.9 12:25 S
16 7.9 13.5 16:20 3.0 23:00 10.3 0.0 0.0 5.3 17.7 0:30 SW
17 7.5 12.9 14:45 2.0 1:30 10.8 0.0 0.0 15.4 45.1 13:20 SW
18 9.4 11.9 12:25 6.8 6:30 8.8 0.0 0.2 18.8 41.8 12:30 SW
19 8.0 11.7 15:05 5.9 7:55 10.3 0.0 0.8 6.1 20.9 15:25 NNE
20 6.4 8.9 11:50 3.5 21:25 11.8 0.0 0.0 9.2 32.2 10:30 NE
21 4.4 8.4 15:20 0.4 6:00 13.9 0.0 0.0 14.3 49.9 13:05 ENE
22 3.6 8.3 15:40 -0.6 6:15 14.7 0.0 0.0 12.6 45.1 9:20 ENE
23 3.9 10.4 16:00 -1.4 7:00 14.3 0.0 0.0 9.5 33.8 11:50 ESE
24 5.0 12.2 15:55 -1.8 6:55 13.3 0.0 0.0 9.5 35.4 13:05 SE
25 5.8 12.8 16:15 -2.1 6:40 12.5 0.0 0.0 7.6 29.0 12:45 ENE
26 6.2 11.5 15:25 -0.4 6:50 12.1 0.0 0.0 10.6 35.4 16:30 ENE
27 7.3 14.6 14:35 0.7 6:05 11.0 0.0 0.0 12.1 40.2 12:25 NE
28 6.8 10.8 13:50 4.2 6:05 11.5 0.0 0.0 11.9 37.0 13:00 NNE
29 4.6 6.4 15:40 1.8 23:45 13.1 0.0 0.0 16.1 56.3 11:55 NNE
30 3.8 9.3 16:40 -1.8 6:30 14.5 0.0 1.4 8.0 40.2 14:50 NNW
31 3.7 9.8 15:35 -2.4 7:20 14.6 0.0 0.0 6.0 27.4 11:45 NNE
-------------------------------------------------------------------------------------
6.1 14.6 27 -2.4 31 354.4 0.0 40.8 12.9 80.5 12 SW
Max >= 32.0: 0
Max <= 0.0: 0
Min <= 0.0: 11
Min <= -18.0: 0
Max Rain: 18.01 ON 10-03-20
Days of Rain: 15 (> .2 mm) 5 (> 2 mm) 0 (> 20 mm)
Heat Base: 18.3 Cool Base: 18.3 Method: Integration
Bovenstaande data zijn de metingen van weerstation Eelde. Onderstaand de data van alle KNMI stations voor de betreffende maand.
De linker afbeeldingen zijn de gemiddeldes van de maand, de middelste afbeeldingen de langjarig gemiddeldes en de rechter
afbeeldingen de afwijking van de maand t.o.v. het langjarig gemiddelde.
|