MONTHLY CLIMATOLOGICAL SUMMARY for NOV. 2020
NAME: Eelde CITY: Eelde STATE: Drenthe
ELEV: 0 m LAT: 53° 08' 00" N LONG: 6° 33' 38" E
TEMPERATURE (°C), RAIN (mm), WIND SPEED (km/hr)
HEAT COOL AVG
MEAN DEG DEG WIND DOM
DAY TEMP HIGH TIME LOW TIME DAYS DAYS RAIN SPEED HIGH TIME DIR
------------------------------------------------------------------------------------
1 13.4 17.1 23:40 9.4 7:35 4.0 0.0 1.8 18.8 49.9 17:45 S
2 16.2 19.2 13:50 9.8 23:55 2.1 0.0 0.4 28.3 77.2 14:00 SSW
3 9.4 12.3 12:20 6.8 23:15 8.9 0.0 2.8 17.9 66.0 17:20 SSW
4 7.4 12.1 12:35 4.3 23:40 10.6 0.0 0.2 8.4 24.1 4:15 SW
5 8.8 11.2 14:10 3.3 7:45 5.8 0.0 0.2 6.3 25.7 14:50 SW
6 9.9 13.8 12:40 7.7 0:05 7.4 0.0 0.0 3.4 14.5 18:10 SW
7 8.4 12.2 14:00 5.2 00:00 4.3 0.0 0.0 0.8 9.7 22:20 ENE
8 7.4 12.7 14:40 3.4 5:35 9.5 0.0 0.2 2.4 14.5 6:40 ENE
9 7.9 11.3 14:45 5.8 23:55 10.3 0.0 3.6 2.9 22.5 20:05 E
10 5.7 6.7 23:45 4.8 7:45 12.0 0.0 0.2 4.3 19.3 10:50 ESE
11 9.2 10.7 11:05 6.7 0:05 9.2 0.0 0.2 4.5 24.1 23:55 SSE
12 10.1 12.3 13:35 7.1 00:00 8.2 0.0 2.0 13.8 37.0 13:30 SSE
13 8.7 12.1 21:35 5.0 7:45 9.6 0.0 0.6 11.3 30.6 12:50 SSE
14 10.7 13.3 15:20 7.7 3:35 7.6 0.0 0.4 9.8 33.8 20:35 SSE
15 12.4 16.0 11:45 8.4 23:30 5.9 0.0 12.2 20.6 70.8 18:55 SSE
16 9.7 11.9 14:30 7.6 23:55 8.6 0.0 3.2 19.8 49.9 6:00 SSW
17 11.4 12.9 11:25 7.3 0:40 6.9 0.0 3.0 20.4 43.5 10:55 SW
18 12.4 13.8 23:10 11.2 6:45 5.9 0.0 0.0 20.8 66.0 21:15 SSW
19 7.6 13.7 0:05 3.1 22:00 9.4 0.0 4.2 15.1 51.5 0:40 SW
20 5.1 8.8 14:05 3.2 0:20 13.3 0.0 2.8 9.5 33.8 7:40 SW
21 7.7 9.9 22:35 4.3 0:50 10.6 0.0 1.0 21.2 45.1 10:35 SSW
22 7.9 10.9 12:40 3.4 23:55 10.4 0.0 3.2 12.2 33.8 2:00 SW
23 5.9 10.1 12:55 3.3 0:10 12.4 0.0 0.2 11.3 25.7 12:10 SW
24 7.1 9.7 14:05 4.0 3:10 11.2 0.0 0.2 12.6 27.4 8:15 SSW
25 5.6 8.4 13:10 3.6 7:25 12.7 0.0 0.0 11.7 27.4 9:50 S
26 8.2 10.1 11:35 5.8 22:50 10.1 0.0 0.0 4.8 24.1 3:05 WNW
27 6.7 7.7 14:40 5.6 7:20 11.4 0.0 1.0 3.5 22.5 19:00 ESE
28 5.1 6.4 1:00 3.5 23:50 11.9 0.0 0.0 7.6 27.4 10:50 ENE
29 0.8 4.2 14:05 -2.3 23:55 17.5 0.0 0.0 3.7 25.7 1:10 E
30 0.8 6.9 00:00 -3.3 2:30 17.5 0.0 7.6 11.6 32.2 14:40 S
-------------------------------------------------------------------------------------
8.3 19.2 2 -3.3 30 285.1 0.0 51.2 11.3 77.2 2 SSW
Max >= 32.0: 0
Max <= 0.0: 0
Min <= 0.0: 2
Min <= -18.0: 0
Max Rain: 12.19 ON 15-11-20
Days of Rain: 23 (> .2 mm) 10 (> 2 mm) 0 (> 20 mm)
Heat Base: 18.3 Cool Base: 18.3 Method: Integration
Bovenstaande data zijn de metingen van weerstation Eelde. Onderstaand de data van alle KNMI stations voor de betreffende maand.
De linker afbeeldingen zijn de gemiddeldes van de maand, de middelste afbeeldingen de langjarig gemiddeldes en de rechter
afbeeldingen de afwijking van de maand t.o.v. het langjarig gemiddelde.
|