MONTHLY CLIMATOLOGICAL SUMMARY for SEP. 2020
NAME: Eelde CITY: Eelde STATE: Drenthe
ELEV: 0 m LAT: 53° 08' 00" N LONG: 6° 33' 38" E
TEMPERATURE (°C), RAIN (mm), WIND SPEED (km/hr)
HEAT COOL AVG
MEAN DEG DEG WIND DOM
DAY TEMP HIGH TIME LOW TIME DAYS DAYS RAIN SPEED HIGH TIME DIR
------------------------------------------------------------------------------------
1 15.1 21.1 14:30 9.8 7:30 3.7 0.5 0.0 2.9 22.5 18:10 NE
2 14.3 23.2 16:05 6.1 7:00 5.0 1.0 0.0 1.6 16.1 12:40 ENE
3 13.8 18.1 21:35 10.7 3:00 4.5 0.0 19.6 10.6 40.2 12:25 SSW
4 16.8 21.4 13:50 14.2 5:40 1.9 0.5 0.6 8.0 32.2 14:40 SW
5 14.6 18.7 14:50 10.6 23:25 3.7 0.0 1.8 9.7 37.0 15:40 SW
6 13.3 18.1 13:20 10.2 3:00 5.0 0.0 2.0 8.4 27.4 11:25 SW
7 13.9 19.9 16:25 8.2 6:00 4.6 0.2 0.6 7.2 32.2 15:25 SW
8 17.0 21.6 16:10 14.1 0:55 1.5 0.2 0.6 13.0 33.8 5:15 SW
9 16.9 19.2 14:05 10.8 23:50 1.5 0.1 1.8 10.5 33.8 12:40 SSW
10 13.8 19.1 14:40 9.1 6:35 4.5 0.0 0.2 2.9 16.1 10:50 SW
11 14.4 19.3 16:15 10.3 23:30 4.0 0.1 0.0 5.0 24.1 14:05 SW
12 13.8 18.9 16:50 9.9 2:55 4.5 0.0 0.2 9.0 40.2 13:15 SW
13 16.4 23.7 17:05 10.8 0:45 2.9 1.1 0.0 11.7 38.6 14:10 SSW
14 18.9 28.4 15:50 10.9 6:55 2.5 3.1 0.0 2.3 14.5 12:50 SE
15 21.4 32.2 17:15 13.0 7:35 1.4 4.5 0.0 0.8 11.3 14:30 E
16 17.7 23.5 13:55 13.1 23:25 1.5 0.9 0.0 3.7 27.4 15:30 NNE
17 13.5 18.8 16:15 9.4 7:05 4.6 0.0 0.0 6.4 30.6 12:15 NE
18 12.9 19.9 16:05 6.3 7:30 5.6 0.2 0.0 8.9 33.8 13:30 ENE
19 14.6 22.4 16:05 8.6 6:55 4.5 0.8 0.0 9.8 30.6 16:20 ENE
20 14.6 22.2 16:50 8.5 7:50 4.5 0.8 0.0 6.8 25.7 12:35 NE
21 15.7 25.9 17:25 7.4 7:15 4.2 1.6 0.2 3.1 14.5 0:50 NE
22 13.6 23.8 16:35 6.2 6:35 5.9 1.1 0.0 1.0 12.9 14:35 SW
23 15.3 22.2 14:35 8.8 1:45 3.7 0.6 0.8 8.9 35.4 15:35 SSW
24 14.6 18.2 15:35 11.9 20:40 3.8 0.0 9.2 14.6 43.5 15:30 SSW
25 11.9 14.9 17:15 8.8 00:00 6.3 0.0 3.8 11.1 40.2 12:25 S
26 10.5 14.5 13:45 4.9 8:05 7.8 0.0 6.6 3.9 41.8 23:55 ENE
27 14.2 16.3 16:00 13.0 7:50 4.1 0.0 3.0 6.4 41.8 0:25 NE
28 12.8 13.6 14:25 12.0 23:55 5.5 0.0 1.0 6.9 20.9 22:25 S
29 12.9 16.6 16:50 11.3 4:25 5.4 0.0 13.0 5.1 20.9 14:20 S
30 15.1 18.5 16:35 11.9 1:10 3.3 0.0 0.2 7.6 25.7 13:00 SSE
-------------------------------------------------------------------------------------
14.8 32.2 15 4.9 26 121.7 17.2 65.3 6.9 43.5 24 SSW
Max >= 32.0: 1
Max <= 0.0: 0
Min <= 0.0: 0
Min <= -18.0: 0
Max Rain: 19.61 ON 03-09-20
Days of Rain: 18 (> .2 mm) 7 (> 2 mm) 0 (> 20 mm)
Heat Base: 18.3 Cool Base: 18.3 Method: Integration
Bovenstaande data zijn de metingen van weerstation Eelde. Onderstaand de data van alle KNMI stations voor de betreffende maand.
De linker afbeeldingen zijn de gemiddeldes van de maand, de middelste afbeeldingen de langjarig gemiddeldes en de rechter
afbeeldingen de afwijking van de maand t.o.v. het langjarig gemiddelde.
|